CRAN Package Check Results for Package bestridge

Last updated on 2024-07-18 06:57:19 CEST.

Flavor Version Tinstall Tcheck Ttotal Status Flags
r-devel-linux-x86_64-debian-clang 1.0.7 438.39 101.77 540.16 NOTE
r-devel-linux-x86_64-debian-gcc 1.0.7 339.76 117.58 457.34 NOTE
r-devel-linux-x86_64-fedora-clang 1.0.7 692.06 NOTE
r-devel-linux-x86_64-fedora-gcc 1.0.7 990.35 NOTE
r-devel-windows-x86_64 1.0.7 338.00 147.00 485.00 NOTE
r-patched-linux-x86_64 1.0.7 455.40 149.39 604.79 NOTE
r-release-linux-x86_64 1.0.7 444.07 146.90 590.97 NOTE
r-release-macos-arm64 1.0.7 158.00 NOTE
r-release-macos-x86_64 1.0.7 151.00 NOTE
r-release-windows-x86_64 1.0.7 345.00 142.00 487.00 NOTE
r-oldrel-macos-arm64 1.0.7 175.00 NOTE
r-oldrel-macos-x86_64 1.0.7 291.00 NOTE
r-oldrel-windows-x86_64 1.0.7 484.00 177.00 661.00 NOTE

Check Details

Version: 1.0.7
Check: C++ specification
Result: NOTE Specified C++11: please drop specification unless essential Flavors: r-devel-linux-x86_64-debian-clang, r-devel-linux-x86_64-debian-gcc, r-devel-linux-x86_64-fedora-clang, r-devel-linux-x86_64-fedora-gcc, r-devel-windows-x86_64, r-patched-linux-x86_64, r-release-linux-x86_64, r-release-macos-arm64, r-release-macos-x86_64, r-release-windows-x86_64, r-oldrel-macos-arm64, r-oldrel-macos-x86_64, r-oldrel-windows-x86_64

Version: 1.0.7
Check: Rd files
Result: NOTE checkRd: (-1) gen.data.Rd:42: Lost braces 42 | code{cortype = 2} denotes the constant structure, where the \eqn{(i,j)} entry of covariance | ^ Flavors: r-devel-linux-x86_64-debian-clang, r-devel-linux-x86_64-debian-gcc, r-devel-linux-x86_64-fedora-clang, r-devel-linux-x86_64-fedora-gcc, r-devel-windows-x86_64, r-patched-linux-x86_64, r-release-linux-x86_64, r-release-macos-arm64, r-release-macos-x86_64, r-release-windows-x86_64

Version: 1.0.7
Check: installed package size
Result: NOTE installed size is 63.9Mb sub-directories of 1Mb or more: data 2.7Mb libs 60.7Mb Flavors: r-release-macos-arm64, r-release-macos-x86_64, r-oldrel-macos-arm64, r-oldrel-macos-x86_64