CRAN Package Check Results for Package bhm

Last updated on 2024-07-25 05:54:53 CEST.

Flavor Version Tinstall Tcheck Ttotal Status Flags
r-devel-linux-x86_64-debian-clang 1.18 11.89 109.04 120.93 OK
r-devel-linux-x86_64-debian-gcc 1.18 11.52 79.49 91.01 NOTE
r-devel-linux-x86_64-fedora-clang 1.18 149.79 OK
r-devel-linux-x86_64-fedora-gcc 1.18 140.30 OK
r-devel-windows-x86_64 1.18 13.00 88.00 101.00 NOTE
r-patched-linux-x86_64 1.18 13.26 103.40 116.66 OK
r-release-linux-x86_64 1.18 14.20 101.17 115.37 OK
r-release-macos-arm64 1.18 48.00 OK
r-release-macos-x86_64 1.18 90.00 OK
r-release-windows-x86_64 1.18 12.00 90.00 102.00 OK
r-oldrel-macos-arm64 1.18 56.00 OK
r-oldrel-macos-x86_64 1.18 87.00 OK
r-oldrel-windows-x86_64 1.18 17.00 110.00 127.00 OK

Check Details

Version: 1.18
Check: Rd cross-references
Result: NOTE Found the following Rd file(s) with Rd \link{} targets missing package anchors: bhm-package.Rd: coxph, survival bhm.Rd: coxph brm.Rd: coxph mpl.Rd: coxph resboot.Rd: coxph Please provide package anchors for all Rd \link{} targets not in the package itself and the base packages. Flavors: r-devel-linux-x86_64-debian-gcc, r-devel-windows-x86_64