CRAN Package Check Results for Package biClassify

Last updated on 2024-07-23 05:57:27 CEST.

Flavor Version Tinstall Tcheck Ttotal Status Flags
r-devel-linux-x86_64-debian-clang 1.3 32.64 82.55 115.19 NOTE
r-devel-linux-x86_64-debian-gcc 1.3 22.07 63.26 85.33 NOTE
r-devel-linux-x86_64-fedora-clang 1.3 162.11 NOTE
r-devel-linux-x86_64-fedora-gcc 1.3 162.25 NOTE
r-devel-windows-x86_64 1.3 28.00 121.00 149.00 NOTE
r-patched-linux-x86_64 1.3 36.26 80.41 116.67 NOTE
r-release-linux-x86_64 1.3 29.07 79.96 109.03 NOTE
r-release-macos-arm64 1.3 53.00 NOTE
r-release-macos-x86_64 1.3 89.00 NOTE
r-release-windows-x86_64 1.3 33.00 122.00 155.00 NOTE
r-oldrel-macos-arm64 1.3 55.00 NOTE
r-oldrel-macos-x86_64 1.3 90.00 NOTE
r-oldrel-windows-x86_64 1.3 32.00 131.00 163.00 NOTE

Check Details

Version: 1.3
Check: C++ specification
Result: NOTE Specified C++11: please drop specification unless essential Flavors: r-devel-linux-x86_64-debian-clang, r-devel-linux-x86_64-debian-gcc, r-devel-linux-x86_64-fedora-clang, r-devel-linux-x86_64-fedora-gcc, r-devel-windows-x86_64, r-patched-linux-x86_64, r-release-linux-x86_64, r-release-macos-arm64, r-release-macos-x86_64, r-release-windows-x86_64, r-oldrel-macos-arm64, r-oldrel-macos-x86_64, r-oldrel-windows-x86_64

Version: 1.3
Check: Rd files
Result: NOTE checkRd: (-1) KOS_Data.Rd:9: Lost braces; missing escapes or markup? 9 | \item{TrainData}{ (179 x 4) Matrix of training data features. the first two features satisfy sqrt(x_{i1}^2 + x_{i2}^2) > 2/3 if the ith sample is in class 1. | ^ checkRd: (-1) KOS_Data.Rd:9: Lost braces; missing escapes or markup? 9 | \item{TrainData}{ (179 x 4) Matrix of training data features. the first two features satisfy sqrt(x_{i1}^2 + x_{i2}^2) > 2/3 if the ith sample is in class 1. | ^ checkRd: (-1) KOS_Data.Rd:10: Lost braces; missing escapes or markup? 10 | Otherwise, they satisfy sqrt(x_{i1}^2 + x_{i2}^2) < 2/3 - 1/10 if the ith sample is in class 2. | ^ checkRd: (-1) KOS_Data.Rd:10: Lost braces; missing escapes or markup? 10 | Otherwise, they satisfy sqrt(x_{i1}^2 + x_{i2}^2) < 2/3 - 1/10 if the ith sample is in class 2. | ^ checkRd: (-1) KOS_Data.Rd:12: Lost braces; missing escapes or markup? 12 | \item{TestData}{ (94 x 4) Matrix of test data features. the first two features satisfy sqrt(x_{i1}^2 + x_{i2}^2) > 2/3 if the ith sample is in class 1. | ^ checkRd: (-1) KOS_Data.Rd:12: Lost braces; missing escapes or markup? 12 | \item{TestData}{ (94 x 4) Matrix of test data features. the first two features satisfy sqrt(x_{i1}^2 + x_{i2}^2) > 2/3 if the ith sample is in class 1. | ^ checkRd: (-1) KOS_Data.Rd:13: Lost braces; missing escapes or markup? 13 | Otherwise, they satisfy sqrt(x_{i1}^2 + x_{i2}^2) < 2/3 - 1/10 if the ith sample is in class 2. | ^ checkRd: (-1) KOS_Data.Rd:13: Lost braces; missing escapes or markup? 13 | Otherwise, they satisfy sqrt(x_{i1}^2 + x_{i2}^2) < 2/3 - 1/10 if the ith sample is in class 2. | ^ checkRd: (-1) SelectParams.Rd:32: Lost braces; missing escapes or markup? 32 | The Gaussian kernel parameter is generated using five-fold cross-validation of the misclassification error rate aross the {.05, .1, .2, .3, .5} quantiles of squared-distances between groups. | ^ Flavors: r-devel-linux-x86_64-debian-clang, r-devel-linux-x86_64-debian-gcc, r-devel-linux-x86_64-fedora-clang, r-devel-linux-x86_64-fedora-gcc, r-devel-windows-x86_64, r-patched-linux-x86_64, r-release-linux-x86_64, r-release-macos-arm64, r-release-macos-x86_64, r-release-windows-x86_64

Version: 1.3
Check: dependencies in R code
Result: NOTE Namespaces in Imports field not imported from: ‘DAAG’ ‘datasets’ ‘expm’ ‘mvtnorm’ All declared Imports should be used. Flavors: r-devel-linux-x86_64-fedora-clang, r-devel-linux-x86_64-fedora-gcc