CRAN Package Check Results for Package bife

Last updated on 2024-06-23 05:54:17 CEST.

Flavor Version Tinstall Tcheck Ttotal Status Flags
r-devel-linux-x86_64-debian-clang 0.7.2 50.16 44.89 95.05 NOTE
r-devel-linux-x86_64-debian-gcc 0.7.2 33.23 33.84 67.07 NOTE
r-devel-linux-x86_64-fedora-clang 0.7.2 135.70 NOTE
r-devel-linux-x86_64-fedora-gcc 0.7.2 139.19 NOTE
r-devel-windows-x86_64 0.7.2 38.00 71.00 109.00 NOTE
r-patched-linux-x86_64 0.7.2 38.99 42.60 81.59 NOTE
r-release-linux-x86_64 0.7.2 38.62 41.92 80.54 NOTE
r-release-macos-arm64 0.7.2 35.00 NOTE
r-release-macos-x86_64 0.7.2 84.00 NOTE
r-release-windows-x86_64 0.7.2 38.00 72.00 110.00 NOTE
r-oldrel-macos-arm64 0.7.2 42.00 NOTE
r-oldrel-macos-x86_64 0.7.2 64.00 NOTE
r-oldrel-windows-x86_64 0.7.2 47.00 83.00 130.00 NOTE

Check Details

Version: 0.7.2
Check: C++ specification
Result: NOTE Specified C++11: please drop specification unless essential Flavors: r-devel-linux-x86_64-debian-clang, r-devel-linux-x86_64-debian-gcc, r-devel-linux-x86_64-fedora-clang, r-devel-linux-x86_64-fedora-gcc, r-devel-windows-x86_64, r-patched-linux-x86_64, r-release-linux-x86_64, r-release-macos-arm64, r-release-macos-x86_64, r-release-windows-x86_64, r-oldrel-macos-arm64, r-oldrel-macos-x86_64, r-oldrel-windows-x86_64