CRAN Package Check Results for Package biglasso

Last updated on 2024-07-18 06:57:19 CEST.

Flavor Version Tinstall Tcheck Ttotal Status Flags
r-devel-linux-x86_64-debian-clang 1.6.0 132.54 119.23 251.77 OK
r-devel-linux-x86_64-debian-gcc 1.6.0 86.91 91.45 178.36 OK
r-devel-linux-x86_64-fedora-clang 1.6.0 350.09 OK
r-devel-linux-x86_64-fedora-gcc 1.6.0 402.75 OK
r-devel-windows-x86_64 1.6.0 117.00 170.00 287.00 NOTE
r-patched-linux-x86_64 1.6.0 108.63 116.54 225.17 OK
r-release-linux-x86_64 1.6.0 115.07 116.10 231.17 OK
r-release-macos-arm64 1.6.0 111.00 NOTE
r-release-macos-x86_64 1.6.0 119.00 NOTE
r-release-windows-x86_64 1.6.0 118.00 161.00 279.00 OK
r-oldrel-macos-arm64 1.6.0 99.00 NOTE
r-oldrel-macos-x86_64 1.6.0 192.00 NOTE
r-oldrel-windows-x86_64 1.6.0 145.00 189.00 334.00 OK

Check Details

Version: 1.6.0
Check: Rd cross-references
Result: NOTE Found the following Rd file(s) with Rd \link{} targets missing package anchors: setupX.Rd: cv.ncvreg Please provide package anchors for all Rd \link{} targets not in the package itself and the base packages. Flavor: r-devel-windows-x86_64

Version: 1.6.0
Check: installed package size
Result: NOTE installed size is 5.3Mb sub-directories of 1Mb or more: libs 4.3Mb Flavors: r-release-macos-arm64, r-release-macos-x86_64, r-oldrel-macos-arm64, r-oldrel-macos-x86_64