CRAN Package Check Results for Package biogram

Last updated on 2024-07-14 05:53:27 CEST.

Flavor Version Tinstall Tcheck Ttotal Status Flags
r-devel-linux-x86_64-debian-clang 1.6.3 4.54 84.05 88.59 NOTE
r-devel-linux-x86_64-debian-gcc 1.6.3 4.42 59.26 63.68 NOTE
r-devel-linux-x86_64-fedora-clang 1.6.3 105.85 NOTE
r-devel-linux-x86_64-fedora-gcc 1.6.3 125.40 NOTE
r-devel-windows-x86_64 1.6.3 6.00 89.00 95.00 NOTE
r-patched-linux-x86_64 1.6.3 5.40 76.91 82.31 NOTE
r-release-linux-x86_64 1.6.3 5.43 77.77 83.20 NOTE
r-release-macos-arm64 1.6.3 43.00 NOTE
r-release-macos-x86_64 1.6.3 73.00 NOTE
r-release-windows-x86_64 1.6.3 6.00 90.00 96.00 NOTE
r-oldrel-macos-arm64 1.6.3 42.00 OK
r-oldrel-macos-x86_64 1.6.3 65.00 OK
r-oldrel-windows-x86_64 1.6.3 7.00 106.00 113.00 OK

Check Details

Version: 1.6.3
Check: Rd files
Result: NOTE checkRd: (-1) calc_ed.Rd:14: Lost braces; missing escapes or markup? 14 | of groups or less than \code{a}. Both \code{a} and {b} must have the the same | ^ checkRd: (-1) calc_pi.Rd:14: Lost braces; missing escapes or markup? 14 | of groups or less than \code{a}. Both \code{a} and {b} must have the the same | ^ checkRd: (-1) calc_si.Rd:14: Lost braces; missing escapes or markup? 14 | of groups or less than \code{a}. Both \code{a} and {b} must have the the same | ^ checkRd: (-1) cluster_reg_exp.Rd:15: Lost braces in \itemize; \value handles \item{}{} directly checkRd: (-1) cluster_reg_exp.Rd:16: Lost braces in \itemize; \value handles \item{}{} directly checkRd: (-1) cluster_reg_exp.Rd:17: Lost braces in \itemize; \value handles \item{}{} directly checkRd: (-1) cluster_reg_exp.Rd:18: Lost braces in \itemize; \value handles \item{}{} directly Flavors: r-devel-linux-x86_64-debian-clang, r-devel-linux-x86_64-debian-gcc, r-devel-linux-x86_64-fedora-clang, r-devel-linux-x86_64-fedora-gcc, r-devel-windows-x86_64, r-patched-linux-x86_64, r-release-linux-x86_64, r-release-macos-arm64, r-release-macos-x86_64, r-release-windows-x86_64

Version: 1.6.3
Check: Rd cross-references
Result: NOTE Undeclared package ‘seqinr’ in Rd xrefs Flavor: r-devel-linux-x86_64-fedora-clang