CRAN Package Check Results for Package birankr

Last updated on 2024-07-21 05:57:30 CEST.

Flavor Version Tinstall Tcheck Ttotal Status Flags
r-devel-linux-x86_64-debian-clang 1.0.1 7.51 77.77 85.28 NOTE
r-devel-linux-x86_64-debian-gcc 1.0.1 6.68 61.85 68.53 NOTE
r-devel-linux-x86_64-fedora-clang 1.0.1 114.52 NOTE
r-devel-linux-x86_64-fedora-gcc 1.0.1 108.25 NOTE
r-devel-windows-x86_64 1.0.1 8.00 74.00 82.00 NOTE
r-patched-linux-x86_64 1.0.1 7.22 76.04 83.26 NOTE
r-release-linux-x86_64 1.0.1 8.48 76.95 85.43 NOTE
r-release-macos-arm64 1.0.1 34.00 NOTE
r-release-macos-x86_64 1.0.1 62.00 NOTE
r-release-windows-x86_64 1.0.1 7.00 74.00 81.00 NOTE
r-oldrel-macos-arm64 1.0.1 35.00 NOTE
r-oldrel-macos-x86_64 1.0.1 58.00 NOTE
r-oldrel-windows-x86_64 1.0.1 7.00 93.00 100.00 NOTE

Check Details

Version: 1.0.1
Check: LazyData
Result: NOTE 'LazyData' is specified without a 'data' directory Flavors: r-devel-linux-x86_64-debian-clang, r-devel-linux-x86_64-debian-gcc, r-devel-linux-x86_64-fedora-clang, r-devel-linux-x86_64-fedora-gcc, r-devel-windows-x86_64, r-patched-linux-x86_64, r-release-linux-x86_64, r-release-macos-arm64, r-release-macos-x86_64, r-release-windows-x86_64, r-oldrel-macos-arm64, r-oldrel-macos-x86_64, r-oldrel-windows-x86_64