CRAN Package Check Results for Package bisque

Last updated on 2024-07-21 05:57:30 CEST.

Flavor Version Tinstall Tcheck Ttotal Status Flags
r-devel-linux-x86_64-debian-clang 1.0.2 122.64 46.65 169.29 NOTE
r-devel-linux-x86_64-debian-gcc 1.0.2 77.97 36.52 114.49 NOTE
r-devel-linux-x86_64-fedora-clang 1.0.2 292.22 NOTE
r-devel-linux-x86_64-fedora-gcc 1.0.2 313.48 NOTE
r-devel-windows-x86_64 1.0.2 96.00 75.00 171.00 NOTE
r-patched-linux-x86_64 1.0.2 119.95 45.89 165.84 NOTE
r-release-linux-x86_64 1.0.2 115.07 46.37 161.44 NOTE
r-release-macos-arm64 1.0.2 52.00 NOTE
r-release-macos-x86_64 1.0.2 59.00 NOTE
r-release-windows-x86_64 1.0.2 115.00 77.00 192.00 NOTE
r-oldrel-macos-arm64 1.0.2 73.00 NOTE
r-oldrel-macos-x86_64 1.0.2 106.00 NOTE
r-oldrel-windows-x86_64 1.0.2 140.00 87.00 227.00 NOTE

Check Details

Version: 1.0.2
Check: C++ specification
Result: NOTE Specified C++11: please drop specification unless essential Flavors: r-devel-linux-x86_64-debian-clang, r-devel-linux-x86_64-debian-gcc, r-devel-linux-x86_64-fedora-clang, r-devel-linux-x86_64-fedora-gcc, r-devel-windows-x86_64, r-patched-linux-x86_64, r-release-linux-x86_64, r-release-macos-arm64, r-release-macos-x86_64, r-release-windows-x86_64, r-oldrel-macos-arm64, r-oldrel-macos-x86_64, r-oldrel-windows-x86_64

Version: 1.0.2
Check: installed package size
Result: NOTE installed size is 7.7Mb sub-directories of 1Mb or more: libs 7.5Mb Flavors: r-release-macos-arm64, r-release-macos-x86_64, r-oldrel-macos-arm64, r-oldrel-macos-x86_64