CRAN Package Check Results for Package bootPLS

Last updated on 2024-07-23 05:57:27 CEST.

Flavor Version Tinstall Tcheck Ttotal Status Flags
r-devel-linux-x86_64-debian-clang 0.9.9 3.96 81.00 84.96 OK
r-devel-linux-x86_64-debian-gcc 0.9.9 4.24 58.84 63.08 NOTE
r-devel-linux-x86_64-fedora-clang 0.9.9 108.13 OK
r-devel-linux-x86_64-fedora-gcc 0.9.9 116.16 OK
r-devel-windows-x86_64 0.9.9 6.00 88.00 94.00 NOTE
r-patched-linux-x86_64 0.9.9 12.25 76.82 89.07 OK
r-release-linux-x86_64 0.9.9 3.99 78.39 82.38 OK
r-release-macos-arm64 0.9.9 39.00 OK
r-release-macos-x86_64 0.9.9 73.00 OK
r-release-windows-x86_64 0.9.9 6.00 88.00 94.00 OK
r-oldrel-macos-arm64 0.9.9 43.00 OK
r-oldrel-macos-x86_64 0.9.9 64.00 OK
r-oldrel-windows-x86_64 0.9.9 7.00 101.00 108.00 OK

Check Details

Version: 0.9.9
Check: Rd cross-references
Result: NOTE Found the following Rd file(s) with Rd \link{} targets missing package anchors: coefs.plsRglm.CSim.Rd: plsRglm coefs.sgpls.CSim.Rd: plsRglm permcoefs.plsRglm.CSim.Rd: plsRglm permcoefs.sgpls.CSim.Rd: plsRglm signpred2.Rd: visweb Please provide package anchors for all Rd \link{} targets not in the package itself and the base packages. Flavors: r-devel-linux-x86_64-debian-gcc, r-devel-windows-x86_64