CRAN Package Check Results for Package brms.mmrm

Last updated on 2024-07-13 06:49:33 CEST.

Flavor Version Tinstall Tcheck Ttotal Status Flags
r-devel-linux-x86_64-debian-clang 1.0.1 43.78 510.63 554.41 OK
r-devel-linux-x86_64-debian-gcc 1.0.1 39.34 354.04 393.38 OK
r-devel-linux-x86_64-fedora-clang 1.0.1 686.98 OK
r-devel-linux-x86_64-fedora-gcc 1.0.1 669.99 OK
r-devel-windows-x86_64 1.0.1 29.00 324.00 353.00 OK
r-patched-linux-x86_64 1.0.1 33.26 471.15 504.41 OK
r-release-linux-x86_64 1.0.1 0.70 2.34 3.04 ERROR
r-release-macos-arm64 1.0.1 174.00 OK
r-release-macos-x86_64 1.0.1 436.00 OK
r-release-windows-x86_64 1.0.1 30.00 323.00 353.00 OK
r-oldrel-macos-arm64 1.0.1 210.00 OK
r-oldrel-macos-x86_64 1.0.1 353.00 OK
r-oldrel-windows-x86_64 1.0.1 39.00 436.00 475.00 OK

Check Details

Version: 1.0.1
Check: package dependencies
Result: ERROR Package required but not available: ‘trialr’ See section ‘The DESCRIPTION file’ in the ‘Writing R Extensions’ manual. Flavor: r-release-linux-x86_64