CRAN Package Check Results for Package broom.mixed

Last updated on 2024-06-20 06:57:08 CEST.

Flavor Version Tinstall Tcheck Ttotal Status Flags
r-devel-linux-x86_64-debian-clang 0.2.9.5 11.13 191.78 202.91 NOTE
r-devel-linux-x86_64-debian-gcc 0.2.9.5 7.35 141.49 148.84 NOTE
r-devel-linux-x86_64-fedora-clang 0.2.9.5 267.64 NOTE
r-devel-linux-x86_64-fedora-gcc 0.2.9.5 249.44 NOTE
r-devel-windows-x86_64 0.2.9.5 11.00 158.00 169.00 NOTE
r-patched-linux-x86_64 0.2.9.5 11.02 186.04 197.06 NOTE
r-release-linux-x86_64 0.2.9.5 9.08 188.99 198.07 NOTE
r-release-macos-arm64 0.2.9.5 68.00 NOTE
r-release-macos-x86_64 0.2.9.5 109.00 NOTE
r-release-windows-x86_64 0.2.9.5 10.00 160.00 170.00 NOTE
r-oldrel-macos-arm64 0.2.9.5 72.00 NOTE
r-oldrel-macos-x86_64 0.2.9.5 160.00 NOTE
r-oldrel-windows-x86_64 0.2.9.5 13.00 202.00 215.00 NOTE

Check Details

Version: 0.2.9.5
Check: package dependencies
Result: NOTE Package suggested but not available for checking: ‘glmmADMB’ Flavors: r-devel-linux-x86_64-debian-clang, r-devel-linux-x86_64-debian-gcc, r-devel-linux-x86_64-fedora-clang, r-devel-linux-x86_64-fedora-gcc, r-devel-windows-x86_64, r-patched-linux-x86_64, r-release-linux-x86_64, r-release-macos-arm64, r-release-macos-x86_64, r-release-windows-x86_64, r-oldrel-macos-arm64, r-oldrel-macos-x86_64, r-oldrel-windows-x86_64

Version: 0.2.9.5
Check: installed package size
Result: NOTE installed size is 5.5Mb sub-directories of 1Mb or more: extdata 5.0Mb Flavors: r-devel-linux-x86_64-fedora-clang, r-devel-windows-x86_64, r-release-macos-arm64, r-release-macos-x86_64, r-release-windows-x86_64, r-oldrel-macos-arm64, r-oldrel-macos-x86_64, r-oldrel-windows-x86_64