CRAN Package Check Results for Package btb

Last updated on 2024-07-14 05:53:27 CEST.

Flavor Version Tinstall Tcheck Ttotal Status Flags
r-devel-linux-x86_64-debian-clang 0.2.0 93.84 158.06 251.90 NOTE
r-devel-linux-x86_64-debian-gcc 0.2.0 64.86 117.70 182.56 NOTE
r-devel-linux-x86_64-fedora-clang 0.2.0 374.01 NOTE
r-devel-linux-x86_64-fedora-gcc 0.2.0 358.90 NOTE
r-devel-windows-x86_64 0.2.0 84.00 157.00 241.00 NOTE
r-patched-linux-x86_64 0.2.0 75.92 153.48 229.40 NOTE
r-release-linux-x86_64 0.2.0 76.39 151.76 228.15 NOTE
r-release-macos-arm64 0.2.0 87.00 NOTE
r-release-macos-x86_64 0.2.0 117.00 NOTE
r-release-windows-x86_64 0.2.0 85.00 153.00 238.00 NOTE
r-oldrel-macos-arm64 0.2.0 96.00 NOTE
r-oldrel-macos-x86_64 0.2.0 156.00 NOTE
r-oldrel-windows-x86_64 0.2.0 101.00 188.00 289.00 NOTE

Check Details

Version: 0.2.0
Check: C++ specification
Result: NOTE Specified C++11: please drop specification unless essential Flavors: r-devel-linux-x86_64-debian-clang, r-devel-linux-x86_64-debian-gcc, r-devel-linux-x86_64-fedora-clang, r-devel-linux-x86_64-fedora-gcc, r-devel-windows-x86_64, r-patched-linux-x86_64, r-release-linux-x86_64, r-release-macos-arm64, r-release-macos-x86_64, r-release-windows-x86_64, r-oldrel-macos-arm64, r-oldrel-macos-x86_64, r-oldrel-windows-x86_64