CRAN Package Check Results for Package ca

Last updated on 2024-06-11 05:58:41 CEST.

Flavor Version Tinstall Tcheck Ttotal Status Flags
r-devel-linux-x86_64-debian-clang 0.71.1 6.55 48.22 54.77 NOTE
r-devel-linux-x86_64-debian-gcc 0.71.1 4.92 35.43 40.35 NOTE
r-devel-linux-x86_64-fedora-clang 0.71.1 70.21 NOTE
r-devel-linux-x86_64-fedora-gcc 0.71.1 65.56 NOTE
r-devel-windows-x86_64 0.71.1 6.00 62.00 68.00 NOTE
r-patched-linux-x86_64 0.71.1 8.85 45.95 54.80 NOTE
r-release-linux-x86_64 0.71.1 6.68 45.83 52.51 NOTE
r-release-macos-arm64 0.71.1 23.00 NOTE
r-release-macos-x86_64 0.71.1 32.00 NOTE
r-release-windows-x86_64 0.71.1 8.00 63.00 71.00 NOTE
r-oldrel-macos-arm64 0.71.1 23.00 OK
r-oldrel-macos-x86_64 0.71.1 37.00 OK
r-oldrel-windows-x86_64 0.71.1 9.00 64.00 73.00 OK

Check Details

Version: 0.71.1
Check: Rd files
Result: NOTE checkRd: (-1) plot.ca.rd:53: Lost braces in \itemize; meant \describe ? checkRd: (-1) plot.ca.rd:56: Lost braces in \itemize; meant \describe ? checkRd: (-1) plot.ca.rd:59: Lost braces in \itemize; meant \describe ? checkRd: (-1) plot.ca.rd:62: Lost braces in \itemize; meant \describe ? checkRd: (-1) plot.mjca.rd:57: Lost braces in \itemize; meant \describe ? checkRd: (-1) plot.mjca.rd:60: Lost braces in \itemize; meant \describe ? checkRd: (-1) plot.mjca.rd:63: Lost braces in \itemize; meant \describe ? checkRd: (-1) plot.mjca.rd:66: Lost braces in \itemize; meant \describe ? Flavors: r-devel-linux-x86_64-debian-clang, r-devel-linux-x86_64-debian-gcc, r-devel-linux-x86_64-fedora-clang, r-devel-linux-x86_64-fedora-gcc, r-devel-windows-x86_64, r-patched-linux-x86_64, r-release-linux-x86_64, r-release-macos-arm64, r-release-macos-x86_64, r-release-windows-x86_64