CRAN Package Check Results for Package cards

Last updated on 2024-07-16 05:55:47 CEST.

Flavor Version Tinstall Tcheck Ttotal Status Flags
r-devel-linux-x86_64-debian-clang 0.1.0 6.97 148.36 155.33 OK
r-devel-linux-x86_64-debian-gcc 0.1.0 6.29 106.78 113.07 OK
r-devel-linux-x86_64-fedora-clang 0.1.0 186.22 OK
r-devel-linux-x86_64-fedora-gcc 0.1.0 174.16 OK
r-devel-windows-x86_64 0.1.0 8.00 99.00 107.00 NOTE
r-patched-linux-x86_64 0.1.0 13.27 142.16 155.43 OK
r-release-linux-x86_64 0.1.0 4.79 141.65 146.44 OK
r-release-macos-arm64 0.1.0 44.00 OK
r-release-macos-x86_64 0.1.0 67.00 OK
r-release-windows-x86_64 0.1.0 10.00 101.00 111.00 OK
r-oldrel-macos-arm64 0.1.0 45.00 OK
r-oldrel-macos-x86_64 0.1.0 96.00 OK
r-oldrel-windows-x86_64 0.1.0 10.00 121.00 131.00 OK

Check Details

Version: 0.1.0
Check: Rd cross-references
Result: NOTE Found the following Rd file(s) with Rd \link{} targets missing package anchors: ard_stack.Rd: dyn-dots bind_ard.Rd: dyn-dots eval_capture_conditions.Rd: eval_tidy get_ard_statistics.Rd: dyn-dots print.card.Rd: dyn-dots process_selectors.Rd: dyn-dots Please provide package anchors for all Rd \link{} targets not in the package itself and the base packages. Flavor: r-devel-windows-x86_64