CRAN Package Check Results for Package catcont

Last updated on 2025-01-14 05:49:53 CET.

Flavor Version Tinstall Tcheck Ttotal Status Flags
r-devel-linux-x86_64-debian-clang 0.5.0 3.41 34.53 37.94 OK
r-devel-linux-x86_64-debian-gcc 0.5.0 2.91 24.36 27.27 OK
r-devel-linux-x86_64-fedora-clang 0.5.0 60.13 OK
r-devel-linux-x86_64-fedora-gcc 0.5.0 58.49 OK
r-devel-windows-x86_64 0.5.0 6.00 54.00 60.00 OK
r-patched-linux-x86_64 0.5.0 3.01 31.47 34.48 NOTE
r-release-linux-x86_64 0.5.0 3.63 31.88 35.51 NOTE
r-release-macos-arm64 0.5.0 22.00 NOTE
r-release-macos-x86_64 0.5.0 32.00 NOTE
r-release-windows-x86_64 0.5.0 5.00 52.00 57.00 NOTE
r-oldrel-macos-arm64 0.5.0 22.00 NOTE
r-oldrel-macos-x86_64 0.5.0 28.00 NOTE
r-oldrel-windows-x86_64 0.5.0 6.00 58.00 64.00 NOTE

Check Details

Version: 0.5.0
Check: LazyData
Result: NOTE 'LazyData' is specified without a 'data' directory Flavors: r-patched-linux-x86_64, r-release-linux-x86_64, r-release-macos-arm64, r-release-macos-x86_64, r-release-windows-x86_64, r-oldrel-macos-arm64, r-oldrel-macos-x86_64, r-oldrel-windows-x86_64