CRAN Package Check Results for Package cats

Last updated on 2024-07-13 06:49:33 CEST.

Flavor Version Tinstall Tcheck Ttotal Status Flags
r-devel-linux-x86_64-debian-clang 1.0.2 4.11 44.94 49.05 OK
r-devel-linux-x86_64-debian-gcc 1.0.2 3.58 32.86 36.44 OK
r-devel-linux-x86_64-fedora-clang 1.0.2 60.26 NOTE
r-devel-linux-x86_64-fedora-gcc 1.0.2 56.93 NOTE
r-devel-windows-x86_64 1.0.2 5.00 51.00 56.00 OK
r-patched-linux-x86_64 1.0.2 3.71 43.08 46.79 OK
r-release-linux-x86_64 1.0.2 2.55 41.44 43.99 OK
r-release-macos-arm64 1.0.2 21.00 OK
r-release-macos-x86_64 1.0.2 41.00 OK
r-release-windows-x86_64 1.0.2 5.00 51.00 56.00 OK
r-oldrel-macos-arm64 1.0.2 20.00 OK
r-oldrel-macos-x86_64 1.0.2 30.00 OK
r-oldrel-windows-x86_64 1.0.2 6.00 58.00 64.00 OK

Check Details

Version: 1.0.2
Check: dependencies in R code
Result: NOTE Namespaces in Imports field not imported from: ‘epitools’ ‘forcats’ ‘purrr’ All declared Imports should be used. Flavors: r-devel-linux-x86_64-fedora-clang, r-devel-linux-x86_64-fedora-gcc