CRAN Package Check Results for Package cctools

Last updated on 2024-07-25 05:54:54 CEST.

Flavor Version Tinstall Tcheck Ttotal Status Flags
r-devel-linux-x86_64-debian-clang 0.1.2 21.17 33.67 54.84 NOTE
r-devel-linux-x86_64-debian-gcc 0.1.2 15.15 25.67 40.82 NOTE
r-devel-linux-x86_64-fedora-clang 0.1.2 92.50 NOTE
r-devel-linux-x86_64-fedora-gcc 0.1.2 78.67 NOTE
r-devel-windows-x86_64 0.1.2 23.00 66.00 89.00 NOTE
r-patched-linux-x86_64 0.1.2 25.31 31.96 57.27 NOTE
r-release-linux-x86_64 0.1.2 22.59 32.12 54.71 NOTE
r-release-macos-arm64 0.1.2 109.00 NOTE
r-release-macos-x86_64 0.1.2 41.00 NOTE
r-release-windows-x86_64 0.1.2 26.00 65.00 91.00 NOTE
r-oldrel-macos-arm64 0.1.2 50.00 NOTE
r-oldrel-macos-x86_64 0.1.2 80.00 NOTE
r-oldrel-windows-x86_64 0.1.2 26.00 74.00 100.00 NOTE

Check Details

Version: 0.1.2
Check: LazyData
Result: NOTE 'LazyData' is specified without a 'data' directory Flavors: r-devel-linux-x86_64-debian-clang, r-devel-linux-x86_64-debian-gcc, r-devel-linux-x86_64-fedora-clang, r-devel-linux-x86_64-fedora-gcc, r-devel-windows-x86_64, r-patched-linux-x86_64, r-release-linux-x86_64, r-release-macos-arm64, r-release-macos-x86_64, r-release-windows-x86_64, r-oldrel-macos-arm64, r-oldrel-macos-x86_64, r-oldrel-windows-x86_64