CRAN Package Check Results for Package classmap

Last updated on 2024-07-23 05:57:28 CEST.

Flavor Version Tinstall Tcheck Ttotal Status Flags
r-devel-linux-x86_64-debian-clang 1.2.3 13.36 141.77 155.13 NOTE
r-devel-linux-x86_64-debian-gcc 1.2.3 11.00 104.96 115.96 NOTE
r-devel-linux-x86_64-fedora-clang 1.2.3 203.82 NOTE
r-devel-linux-x86_64-fedora-gcc 1.2.3 917.42 NOTE
r-devel-windows-x86_64 1.2.3 13.00 117.00 130.00 NOTE
r-patched-linux-x86_64 1.2.3 14.24 134.81 149.05 NOTE
r-release-linux-x86_64 1.2.3 9.89 131.82 141.71 NOTE
r-release-macos-arm64 1.2.3 307.00 NOTE
r-release-macos-x86_64 1.2.3 514.00 NOTE
r-release-windows-x86_64 1.2.3 13.00 119.00 132.00 NOTE
r-oldrel-macos-arm64 1.2.3 313.00 OK
r-oldrel-macos-x86_64 1.2.3 741.00 OK
r-oldrel-windows-x86_64 1.2.3 16.00 144.00 160.00 OK

Check Details

Version: 1.2.3
Check: Rd files
Result: NOTE checkRd: (-1) classmap.Rd:44: Lost braces 44 | Raymaekers J., Rousseeuw P.J., Hubert M. (2021). Class maps for visualizing classification results. \emph{Technometrics}, appeared online. \doi{10.1080/00401706.2021.1927849}{(link to open access pdf)} | ^ checkRd: (-1) confmat.vcr.Rd:30: Lost braces 30 | Raymaekers J., Rousseeuw P.J., Hubert M. (2021). Class maps for visualizing classification results. \emph{Technometrics}, appeared online. \doi{10.1080/00401706.2021.1927849}{(link to open access pdf)} | ^ checkRd: (-1) makeFV.Rd:34: Lost braces 34 | Raymaekers J., Rousseeuw P.J., Hubert M. (2021). Class maps for visualizing classification results. \emph{Technometrics}, appeared online. \doi{10.1080/00401706.2021.1927849}{(link to open access pdf)} | ^ checkRd: (-1) makeKernel.Rd:25: Lost braces 25 | Raymaekers J., Rousseeuw P.J., Hubert M. (2021). Class maps for visualizing classification results. \emph{Technometrics}, appeared online. \doi{10.1080/00401706.2021.1927849}{(link to open access pdf)} | ^ checkRd: (-1) stackedplot.Rd:37: Lost braces 37 | Raymaekers J., Rousseeuw P.J., Hubert M. (2021). Class maps for visualizing classification results. \emph{Technometrics}, appeared online. \doi{10.1080/00401706.2021.1927849}{(link to open access pdf)} | ^ checkRd: (-1) vcr.da.newdata.Rd:41: Lost braces 41 | Raymaekers J., Rousseeuw P.J., Hubert M. (2021). Class maps for visualizing classification results. \emph{Technometrics}, appeared online. \doi{10.1080/00401706.2021.1927849}{(link to open access pdf)} | ^ checkRd: (-1) vcr.da.train.Rd:46: Lost braces 46 | Raymaekers J., Rousseeuw P.J., Hubert M. (2021). Class maps for visualizing classification results. \emph{Technometrics}, appeared online. \doi{10.1080/00401706.2021.1927849}{(link to open access pdf)} | ^ checkRd: (-1) vcr.knn.newdata.Rd:42: Lost braces 42 | Raymaekers J., Rousseeuw P.J., Hubert M. (2021). Class maps for visualizing classification results. \emph{Technometrics}, appeared online. \doi{10.1080/00401706.2021.1927849}{(link to open access pdf)} | ^ checkRd: (-1) vcr.knn.train.Rd:43: Lost braces 43 | Raymaekers J., Rousseeuw P.J., Hubert M. (2021). Class maps for visualizing classification results. \emph{Technometrics}, appeared online. \doi{10.1080/00401706.2021.1927849}{(link to open access pdf)} | ^ checkRd: (-1) vcr.svm.newdata.Rd:38: Lost braces 38 | Raymaekers J., Rousseeuw P.J., Hubert M. (2021). Class maps for visualizing classification results. \emph{Technometrics}, appeared online. \doi{10.1080/00401706.2021.1927849}{(link to open access pdf)} | ^ checkRd: (-1) vcr.svm.train.Rd:41: Lost braces 41 | Raymaekers J., Rousseeuw P.J., Hubert M. (2021). Class maps for visualizing classification results. \emph{Technometrics}, appeared online. \doi{10.1080/00401706.2021.1927849}{(link to open access pdf)} | ^ Flavors: r-devel-linux-x86_64-debian-clang, r-devel-linux-x86_64-debian-gcc, r-devel-linux-x86_64-fedora-clang, r-devel-linux-x86_64-fedora-gcc, r-devel-windows-x86_64, r-patched-linux-x86_64, r-release-linux-x86_64, r-release-macos-arm64, r-release-macos-x86_64, r-release-windows-x86_64

Version: 1.2.3
Check: data for non-ASCII characters
Result: NOTE Note: found 9 marked UTF-8 strings Flavors: r-devel-linux-x86_64-fedora-clang, r-devel-linux-x86_64-fedora-gcc