CRAN Package Check Results for Package clinspacy

Last updated on 2024-07-18 06:57:21 CEST.

Flavor Version Tinstall Tcheck Ttotal Status Flags
r-devel-linux-x86_64-debian-clang 1.0.2 2.97 32.96 35.93 NOTE
r-devel-linux-x86_64-debian-gcc 1.0.2 2.19 24.60 26.79 NOTE
r-devel-linux-x86_64-fedora-clang 1.0.2 45.02 NOTE
r-devel-linux-x86_64-fedora-gcc 1.0.2 42.94 NOTE
r-devel-windows-x86_64 1.0.2 4.00 46.00 50.00 NOTE
r-patched-linux-x86_64 1.0.2 2.89 31.81 34.70 NOTE
r-release-linux-x86_64 1.0.2 2.92 30.71 33.63 NOTE
r-release-macos-arm64 1.0.2 19.00 NOTE
r-release-macos-x86_64 1.0.2 25.00 NOTE
r-release-windows-x86_64 1.0.2 4.00 46.00 50.00 NOTE
r-oldrel-macos-arm64 1.0.2 19.00 NOTE
r-oldrel-macos-x86_64 1.0.2 25.00 NOTE
r-oldrel-windows-x86_64 1.0.2 4.00 50.00 54.00 NOTE

Check Details

Version: 1.0.2
Check: LazyData
Result: NOTE 'LazyData' is specified without a 'data' directory Flavors: r-devel-linux-x86_64-debian-clang, r-devel-linux-x86_64-debian-gcc, r-devel-linux-x86_64-fedora-clang, r-devel-linux-x86_64-fedora-gcc, r-devel-windows-x86_64, r-patched-linux-x86_64, r-release-linux-x86_64, r-release-macos-arm64, r-release-macos-x86_64, r-release-windows-x86_64, r-oldrel-macos-arm64, r-oldrel-macos-x86_64, r-oldrel-windows-x86_64