CRAN Package Check Results for Package combiter

Last updated on 2024-07-18 06:57:21 CEST.

Flavor Version Tinstall Tcheck Ttotal Status Flags
r-devel-linux-x86_64-debian-clang 1.0.3 43.08 43.59 86.67 NOTE
r-devel-linux-x86_64-debian-gcc 1.0.3 28.05 32.39 60.44 NOTE
r-devel-linux-x86_64-fedora-clang 1.0.3 124.85 NOTE
r-devel-linux-x86_64-fedora-gcc 1.0.3 128.24 NOTE
r-devel-windows-x86_64 1.0.3 34.00 80.00 114.00 NOTE
r-patched-linux-x86_64 1.0.3 37.76 40.43 78.19 NOTE
r-release-linux-x86_64 1.0.3 33.06 40.72 73.78 NOTE
r-release-macos-arm64 1.0.3 30.00 NOTE
r-release-macos-x86_64 1.0.3 46.00 NOTE
r-release-windows-x86_64 1.0.3 36.00 73.00 109.00 NOTE
r-oldrel-macos-arm64 1.0.3 36.00 NOTE
r-oldrel-macos-x86_64 1.0.3 56.00 NOTE
r-oldrel-windows-x86_64 1.0.3 33.00 82.00 115.00 NOTE

Check Details

Version: 1.0.3
Check: LazyData
Result: NOTE 'LazyData' is specified without a 'data' directory Flavors: r-devel-linux-x86_64-debian-clang, r-devel-linux-x86_64-debian-gcc, r-devel-linux-x86_64-fedora-clang, r-devel-linux-x86_64-fedora-gcc, r-devel-windows-x86_64, r-patched-linux-x86_64, r-release-linux-x86_64, r-release-macos-arm64, r-release-macos-x86_64, r-release-windows-x86_64, r-oldrel-macos-arm64, r-oldrel-macos-x86_64, r-oldrel-windows-x86_64