CRAN Package Check Results for Package condusco

Last updated on 2024-07-18 06:57:21 CEST.

Flavor Version Tinstall Tcheck Ttotal Status Flags
r-devel-linux-x86_64-debian-clang 0.1.0 4.50 65.08 69.58 NOTE
r-devel-linux-x86_64-debian-gcc 0.1.0 5.07 49.44 54.51 NOTE
r-devel-linux-x86_64-fedora-clang 0.1.0 92.34 NOTE
r-devel-linux-x86_64-fedora-gcc 0.1.0 100.25 NOTE
r-devel-windows-x86_64 0.1.0 6.00 69.00 75.00 NOTE
r-patched-linux-x86_64 0.1.0 5.72 62.13 67.85 NOTE
r-release-linux-x86_64 0.1.0 6.75 63.65 70.40 NOTE
r-release-macos-arm64 0.1.0 35.00 NOTE
r-release-macos-x86_64 0.1.0 51.00 NOTE
r-release-windows-x86_64 0.1.0 7.00 70.00 77.00 NOTE
r-oldrel-macos-arm64 0.1.0 43.00 NOTE
r-oldrel-macos-x86_64 0.1.0 63.00 NOTE
r-oldrel-windows-x86_64 0.1.0 8.00 75.00 83.00 NOTE

Check Details

Version: 0.1.0
Check: R code for possible problems
Result: NOTE run_pipeline_gbq: no visible global function definition for ‘query_exec’ Undefined global functions or variables: query_exec Flavors: r-devel-linux-x86_64-debian-clang, r-devel-linux-x86_64-debian-gcc, r-devel-linux-x86_64-fedora-clang, r-devel-linux-x86_64-fedora-gcc, r-devel-windows-x86_64, r-patched-linux-x86_64, r-release-linux-x86_64, r-release-macos-arm64, r-release-macos-x86_64, r-release-windows-x86_64, r-oldrel-windows-x86_64

Version: 0.1.0
Check: LazyData
Result: NOTE 'LazyData' is specified without a 'data' directory Flavors: r-devel-linux-x86_64-debian-clang, r-devel-linux-x86_64-debian-gcc, r-devel-linux-x86_64-fedora-clang, r-devel-linux-x86_64-fedora-gcc, r-devel-windows-x86_64, r-patched-linux-x86_64, r-release-linux-x86_64, r-release-macos-arm64, r-release-macos-x86_64, r-release-windows-x86_64, r-oldrel-macos-arm64, r-oldrel-macos-x86_64, r-oldrel-windows-x86_64