CRAN Package Check Results for Package conflr

Last updated on 2024-07-18 06:57:21 CEST.

Flavor Version Tinstall Tcheck Ttotal Status Flags
r-devel-linux-x86_64-debian-clang 0.1.1 4.68 36.61 41.29 NOTE
r-devel-linux-x86_64-debian-gcc 0.1.1 3.56 27.41 30.97 NOTE
r-devel-linux-x86_64-fedora-clang 0.1.1 51.49 NOTE
r-devel-linux-x86_64-fedora-gcc 0.1.1 76.86 NOTE
r-devel-windows-x86_64 0.1.1 6.00 57.00 63.00 NOTE
r-patched-linux-x86_64 0.1.1 4.97 34.37 39.34 NOTE
r-release-linux-x86_64 0.1.1 4.19 34.53 38.72 NOTE
r-release-macos-arm64 0.1.1 44.00 NOTE
r-release-macos-x86_64 0.1.1 75.00 NOTE
r-release-windows-x86_64 0.1.1 5.00 57.00 62.00 NOTE
r-oldrel-macos-arm64 0.1.1 48.00 NOTE
r-oldrel-macos-x86_64 0.1.1 52.00 NOTE
r-oldrel-windows-x86_64 0.1.1 7.00 60.00 67.00 NOTE

Check Details

Version: 0.1.1
Check: LazyData
Result: NOTE 'LazyData' is specified without a 'data' directory Flavors: r-devel-linux-x86_64-debian-clang, r-devel-linux-x86_64-debian-gcc, r-devel-linux-x86_64-fedora-clang, r-devel-linux-x86_64-fedora-gcc, r-devel-windows-x86_64, r-patched-linux-x86_64, r-release-linux-x86_64, r-release-macos-arm64, r-release-macos-x86_64, r-release-windows-x86_64, r-oldrel-macos-arm64, r-oldrel-macos-x86_64, r-oldrel-windows-x86_64

Version: 0.1.1
Check: dependencies in R code
Result: NOTE Namespace in Imports field not imported from: ‘R6’ All declared Imports should be used. Flavors: r-devel-linux-x86_64-fedora-clang, r-devel-linux-x86_64-fedora-gcc