CRAN Package Check Results for Package conformalClassification

Last updated on 2024-07-20 06:49:16 CEST.

Flavor Version Tinstall Tcheck Ttotal Status Flags
r-devel-linux-x86_64-debian-clang 1.0.0 2.58 30.99 33.57 NOTE
r-devel-linux-x86_64-debian-gcc 1.0.0 2.01 23.34 25.35 NOTE
r-devel-linux-x86_64-fedora-clang 1.0.0 42.23 NOTE
r-devel-linux-x86_64-fedora-gcc 1.0.0 40.53 NOTE
r-devel-windows-x86_64 1.0.0 4.00 47.00 51.00 NOTE
r-patched-linux-x86_64 1.0.0 2.68 29.39 32.07 NOTE
r-release-linux-x86_64 1.0.0 2.68 30.01 32.69 NOTE
r-release-macos-arm64 1.0.0 18.00 NOTE
r-release-macos-x86_64 1.0.0 27.00 NOTE
r-release-windows-x86_64 1.0.0 3.00 46.00 49.00 NOTE
r-oldrel-macos-arm64 1.0.0 21.00 NOTE
r-oldrel-macos-x86_64 1.0.0 26.00 NOTE
r-oldrel-windows-x86_64 1.0.0 4.00 46.00 50.00 NOTE

Check Details

Version: 1.0.0
Check: LazyData
Result: NOTE 'LazyData' is specified without a 'data' directory Flavors: r-devel-linux-x86_64-debian-clang, r-devel-linux-x86_64-debian-gcc, r-devel-linux-x86_64-fedora-clang, r-devel-linux-x86_64-fedora-gcc, r-devel-windows-x86_64, r-patched-linux-x86_64, r-release-linux-x86_64, r-release-macos-arm64, r-release-macos-x86_64, r-release-windows-x86_64, r-oldrel-macos-arm64, r-oldrel-macos-x86_64, r-oldrel-windows-x86_64