CRAN Package Check Results for Package convergEU

Last updated on 2024-06-13 06:57:57 CEST.

Flavor Version Tinstall Tcheck Ttotal Status Flags
r-devel-linux-x86_64-debian-clang 0.7.3.2 11.59 171.57 183.16 OK
r-devel-linux-x86_64-debian-gcc 0.7.3.2 0.67 1.96 2.63 ERROR
r-devel-linux-x86_64-fedora-clang 0.7.3.2 227.57 NOTE
r-devel-linux-x86_64-fedora-gcc 0.7.3.2 229.63 NOTE
r-devel-windows-x86_64 0.7.3.2 10.00 134.00 144.00 OK
r-patched-linux-x86_64 0.7.3.2 10.46 164.61 175.07 OK
r-release-linux-x86_64 0.7.3.2 10.86 166.65 177.51 OK
r-release-macos-arm64 0.7.3.2 63.00 OK
r-release-macos-x86_64 0.7.3.2 97.00 OK
r-release-windows-x86_64 0.7.3.2 12.00 134.00 146.00 OK
r-oldrel-macos-arm64 0.7.3.2 59.00 OK
r-oldrel-macos-x86_64 0.7.3.2 118.00 OK
r-oldrel-windows-x86_64 0.7.3.2 13.00 170.00 183.00 OK

Check Details

Version: 0.7.3.2
Check: package dependencies
Result: ERROR Packages required but not available: 'dplyr', 'tibble', 'ggplot2', 'eurostat', 'tidyr', 'purrr', 'broom', 'stringr', 'ggpubr', 'tidyselect' Packages suggested but not available for checking: 'devtools', 'kableExtra', 'readr', 'readxl', 'tidyverse', 'rvest', 'testthat' See section ‘The DESCRIPTION file’ in the ‘Writing R Extensions’ manual. Flavor: r-devel-linux-x86_64-debian-gcc

Version: 0.7.3.2
Check: data for non-ASCII characters
Result: NOTE Note: found 1 marked UTF-8 string Flavors: r-devel-linux-x86_64-fedora-clang, r-devel-linux-x86_64-fedora-gcc