CRAN Package Check Results for Package corels

Last updated on 2024-07-21 05:57:32 CEST.

Flavor Version Tinstall Tcheck Ttotal Status Flags
r-devel-linux-x86_64-debian-clang 0.0.4 32.82 29.70 62.52 NOTE
r-devel-linux-x86_64-debian-gcc 0.0.4 21.83 22.70 44.53 NOTE
r-devel-linux-x86_64-fedora-clang 0.0.4 110.25 NOTE
r-devel-linux-x86_64-fedora-gcc 0.0.4 99.13 NOTE
r-devel-windows-x86_64 0.0.4 45.00 62.00 107.00 NOTE
r-patched-linux-x86_64 0.0.4 33.24 27.73 60.97 NOTE
r-release-linux-x86_64 0.0.4 31.56 28.80 60.36 NOTE
r-release-macos-arm64 0.0.4 35.00 NOTE
r-release-macos-x86_64 0.0.4 47.00 NOTE
r-release-windows-x86_64 0.0.4 50.00 62.00 112.00 NOTE
r-oldrel-macos-arm64 0.0.4 40.00 NOTE
r-oldrel-macos-x86_64 0.0.4 59.00 NOTE
r-oldrel-windows-x86_64 0.0.4 47.00 68.00 115.00 NOTE

Check Details

Version: 0.0.4
Check: C++ specification
Result: NOTE Specified C++11: please drop specification unless essential Flavors: r-devel-linux-x86_64-debian-clang, r-devel-linux-x86_64-debian-gcc, r-devel-linux-x86_64-fedora-clang, r-devel-linux-x86_64-fedora-gcc, r-devel-windows-x86_64, r-patched-linux-x86_64, r-release-linux-x86_64, r-release-macos-arm64, r-release-macos-x86_64, r-release-windows-x86_64, r-oldrel-macos-arm64, r-oldrel-macos-x86_64, r-oldrel-windows-x86_64

Version: 0.0.4
Check: installed package size
Result: NOTE installed size is 5.4Mb sub-directories of 1Mb or more: libs 2.6Mb sample_data 2.6Mb Flavors: r-release-macos-arm64, r-release-macos-x86_64, r-oldrel-macos-arm64, r-oldrel-macos-x86_64