CRAN Package Check Results for Package corrmeta

Last updated on 2024-07-18 06:57:21 CEST.

Flavor Version Tinstall Tcheck Ttotal Status Flags
r-devel-linux-x86_64-debian-clang 1.0.0 5.98 52.26 58.24 OK
r-devel-linux-x86_64-debian-gcc 1.0.0 4.14 38.62 42.76 OK
r-devel-linux-x86_64-fedora-clang 1.0.0 75.21 OK
r-devel-linux-x86_64-fedora-gcc 1.0.0 80.32 OK
r-devel-windows-x86_64 1.0.0 6.00 61.00 67.00 NOTE
r-patched-linux-x86_64 1.0.0 10.73 48.80 59.53 OK
r-release-linux-x86_64 1.0.0 3.56 49.56 53.12 OK
r-release-macos-arm64 1.0.0 33.00 OK
r-release-macos-x86_64 1.0.0 62.00 OK
r-release-windows-x86_64 1.0.0 6.00 61.00 67.00 OK
r-oldrel-macos-arm64 1.0.0 36.00 NOTE
r-oldrel-macos-x86_64 1.0.0 71.00 OK
r-oldrel-windows-x86_64 1.0.0 8.00 68.00 76.00 OK

Check Details

Version: 1.0.0
Check: Rd cross-references
Result: NOTE Found the following Rd file(s) with Rd \link{} targets missing package anchors: polycorr.Rd: polychor tetracorr.Rd: polychor Please provide package anchors for all Rd \link{} targets not in the package itself and the base packages. Flavor: r-devel-windows-x86_64

Version: 1.0.0
Check: R code for possible problems
Result: NOTE fishp: no visible binding for global variable ‘markname’ fishp: no visible binding for global variable ‘sum_chisq’ fishp: no visible binding for global variable ‘sum_z’ pvalues_to_zscores: no visible binding for global variable ‘markname’ tetracorr: no visible binding for global variable ‘PLCORR’ Undefined global functions or variables: PLCORR markname sum_chisq sum_z Flavor: r-oldrel-macos-arm64