CRAN Package Check Results for Package covBM

Last updated on 2024-07-11 05:53:54 CEST.

Flavor Version Tinstall Tcheck Ttotal Status Flags
r-devel-linux-x86_64-debian-clang 0.1.0 4.23 53.16 57.39 OK
r-devel-linux-x86_64-debian-gcc 0.1.0 2.98 41.95 44.93 OK
r-devel-linux-x86_64-fedora-clang 0.1.0 74.91 NOTE
r-devel-linux-x86_64-fedora-gcc 0.1.0 86.71 NOTE
r-devel-windows-x86_64 0.1.0 6.00 82.00 88.00 OK
r-patched-linux-x86_64 0.1.0 3.99 52.55 56.54 OK
r-release-linux-x86_64 0.1.0 3.71 51.01 54.72 OK
r-release-macos-arm64 0.1.0 32.00 OK
r-release-macos-x86_64 0.1.0 51.00 OK
r-release-windows-x86_64 0.1.0 6.00 85.00 91.00 OK
r-oldrel-macos-arm64 0.1.0 40.00 OK
r-oldrel-macos-x86_64 0.1.0 63.00 OK
r-oldrel-windows-x86_64 0.1.0 8.00 82.00 90.00 OK

Check Details

Version: 0.1.0
Check: compiled code
Result: NOTE File ‘covBM/libs/covBM.so’: Found no calls to: ‘R_registerRoutines’, ‘R_useDynamicSymbols’ It is good practice to register native routines and to disable symbol search. See ‘Writing portable packages’ in the ‘Writing R Extensions’ manual. Flavors: r-devel-linux-x86_64-fedora-clang, r-devel-linux-x86_64-fedora-gcc