CRAN Package Check Results for Package cytometree

Last updated on 2024-07-18 06:57:22 CEST.

Flavor Version Tinstall Tcheck Ttotal Status Flags
r-devel-linux-x86_64-debian-clang 2.0.2 41.46 529.87 571.33 NOTE
r-devel-linux-x86_64-debian-gcc 2.0.2 26.05 373.80 399.85 NOTE
r-devel-linux-x86_64-fedora-clang 2.0.2 679.04 NOTE
r-devel-linux-x86_64-fedora-gcc 2.0.2 664.06 NOTE
r-devel-windows-x86_64 2.0.2 35.00 396.00 431.00 NOTE
r-patched-linux-x86_64 2.0.2 34.48 498.08 532.56 NOTE
r-release-linux-x86_64 2.0.2 26.66 500.85 527.51 NOTE
r-release-macos-arm64 2.0.2 178.00 NOTE
r-release-macos-x86_64 2.0.2 304.00 NOTE
r-release-windows-x86_64 2.0.2 34.00 393.00 427.00 NOTE
r-oldrel-macos-arm64 2.0.2 189.00 OK
r-oldrel-macos-x86_64 2.0.2 345.00 OK
r-oldrel-windows-x86_64 2.0.2 43.00 496.00 539.00 OK

Check Details

Version: 2.0.2
Check: Rd files
Result: NOTE checkRd: (-1) CytofTree.Rd:47-48: Lost braces in \itemize; \value handles \item{}{} directly checkRd: (-1) CytofTree.Rd:49: Lost braces in \itemize; \value handles \item{}{} directly checkRd: (-1) CytofTree.Rd:50: Lost braces in \itemize; \value handles \item{}{} directly checkRd: (-1) CytofTree.Rd:51-52: Lost braces in \itemize; \value handles \item{}{} directly checkRd: (-1) CytofTree.Rd:53: Lost braces in \itemize; \value handles \item{}{} directly checkRd: (-1) CytofTree.Rd:54: Lost braces in \itemize; \value handles \item{}{} directly checkRd: (-1) CytomeTree.Rd:33-34: Lost braces in \itemize; \value handles \item{}{} directly checkRd: (-1) CytomeTree.Rd:35: Lost braces in \itemize; \value handles \item{}{} directly checkRd: (-1) CytomeTree.Rd:36: Lost braces in \itemize; \value handles \item{}{} directly checkRd: (-1) CytomeTree.Rd:37-38: Lost braces in \itemize; \value handles \item{}{} directly checkRd: (-1) RetrievePops.Rd:20-21: Lost braces in \itemize; \value handles \item{}{} directly checkRd: (-1) RetrievePops.Rd:22-23: Lost braces in \itemize; \value handles \item{}{} directly Flavors: r-devel-linux-x86_64-debian-clang, r-devel-linux-x86_64-debian-gcc, r-devel-linux-x86_64-fedora-clang, r-devel-linux-x86_64-fedora-gcc, r-devel-windows-x86_64, r-patched-linux-x86_64, r-release-linux-x86_64, r-release-macos-arm64, r-release-macos-x86_64, r-release-windows-x86_64