CRAN Package Check Results for Package decisionSupport

Last updated on 2024-07-25 05:54:56 CEST.

Flavor Version Tinstall Tcheck Ttotal Status Flags
r-devel-linux-x86_64-debian-clang 1.114 20.78 273.38 294.16 OK
r-devel-linux-x86_64-debian-gcc 1.114 16.83 195.91 212.74 NOTE
r-devel-linux-x86_64-fedora-clang 1.114 362.88 OK
r-devel-linux-x86_64-fedora-gcc 1.114 353.94 OK
r-devel-windows-x86_64 1.114 20.00 204.00 224.00 NOTE
r-patched-linux-x86_64 1.114 30.88 252.00 282.88 OK
r-release-linux-x86_64 1.114 19.62 248.43 268.05 OK
r-release-macos-arm64 1.114 69.00 OK
r-release-macos-x86_64 1.114 139.00 OK
r-release-windows-x86_64 1.114 21.00 204.00 225.00 OK
r-oldrel-macos-arm64 1.114 77.00 OK
r-oldrel-macos-x86_64 1.114 133.00 OK
r-oldrel-windows-x86_64 1.114 23.00 250.00 273.00 OK

Check Details

Version: 1.114
Check: Rd cross-references
Result: NOTE Found the following Rd file(s) with Rd \link{} targets missing package anchors: plot_cashflow.Rd: ggplot2 Please provide package anchors for all Rd \link{} targets not in the package itself and the base packages. Flavors: r-devel-linux-x86_64-debian-gcc, r-devel-windows-x86_64