CRAN Package Check Results for Package dedupewider

Last updated on 2024-07-18 06:57:22 CEST.

Flavor Version Tinstall Tcheck Ttotal Status Flags
r-devel-linux-x86_64-debian-clang 0.1.0 2.03 39.27 41.30 OK
r-devel-linux-x86_64-debian-gcc 0.1.0 1.98 29.72 31.70 OK
r-devel-linux-x86_64-fedora-clang 0.1.0 54.38 OK
r-devel-linux-x86_64-fedora-gcc 0.1.0 62.74 OK
r-devel-windows-x86_64 0.1.0 5.00 52.00 57.00 NOTE
r-patched-linux-x86_64 0.1.0 3.77 38.33 42.10 OK
r-release-linux-x86_64 0.1.0 2.25 37.14 39.39 OK
r-release-macos-arm64 0.1.0 26.00 OK
r-release-macos-x86_64 0.1.0 41.00 OK
r-release-windows-x86_64 0.1.0 3.00 51.00 54.00 OK
r-oldrel-macos-arm64 0.1.0 30.00 OK
r-oldrel-macos-x86_64 0.1.0 37.00 OK
r-oldrel-windows-x86_64 0.1.0 5.00 54.00 59.00 OK

Check Details

Version: 0.1.0
Check: Rd cross-references
Result: NOTE Found the following Rd file(s) with Rd \link{} targets missing package anchors: dedupe_wide.Rd: data.table na_move.Rd: data.table Please provide package anchors for all Rd \link{} targets not in the package itself and the base packages. Flavor: r-devel-windows-x86_64