CRAN Package Check Results for Package depcoeff

Last updated on 2024-07-20 06:49:17 CEST.

Flavor Version Tinstall Tcheck Ttotal Status Flags
r-devel-linux-x86_64-debian-clang 0.0.1 26.74 83.81 110.55 NOTE
r-devel-linux-x86_64-debian-gcc 0.0.1 14.09 62.47 76.56 NOTE
r-devel-linux-x86_64-fedora-clang 0.0.1 145.53 NOTE
r-devel-linux-x86_64-fedora-gcc 0.0.1 136.57 NOTE
r-devel-windows-x86_64 0.0.1 22.00 91.00 113.00 NOTE
r-patched-linux-x86_64 0.0.1 20.56 80.41 100.97 NOTE
r-release-linux-x86_64 0.0.1 25.05 80.44 105.49 NOTE
r-release-macos-arm64 0.0.1 39.00 NOTE
r-release-macos-x86_64 0.0.1 61.00 NOTE
r-release-windows-x86_64 0.0.1 26.00 94.00 120.00 NOTE
r-oldrel-macos-arm64 0.0.1 45.00 NOTE
r-oldrel-macos-x86_64 0.0.1 71.00 NOTE
r-oldrel-windows-x86_64 0.0.1 33.00 109.00 142.00 NOTE

Check Details

Version: 0.0.1
Check: LazyData
Result: NOTE 'LazyData' is specified without a 'data' directory Flavors: r-devel-linux-x86_64-debian-clang, r-devel-linux-x86_64-debian-gcc, r-devel-linux-x86_64-fedora-clang, r-devel-linux-x86_64-fedora-gcc, r-devel-windows-x86_64, r-patched-linux-x86_64, r-release-linux-x86_64, r-release-macos-arm64, r-release-macos-x86_64, r-release-windows-x86_64, r-oldrel-macos-arm64, r-oldrel-macos-x86_64, r-oldrel-windows-x86_64