CRAN Package Check Results for Package diffeqr

Last updated on 2024-06-15 06:49:44 CEST.

Flavor Version Tinstall Tcheck Ttotal Status Flags
r-devel-linux-x86_64-debian-clang 2.0.1 5.52 41.20 46.72 OK
r-devel-linux-x86_64-debian-gcc 2.0.1 2.62 32.12 34.74 OK
r-devel-linux-x86_64-fedora-clang 2.0.1 57.58 NOTE
r-devel-linux-x86_64-fedora-gcc 2.0.1 68.31 OK
r-devel-windows-x86_64 2.0.1 4.00 65.00 69.00 NOTE
r-patched-linux-x86_64 2.0.1 5.58 39.99 45.57 OK
r-release-linux-x86_64 2.0.1 5.13 40.32 45.45 OK
r-release-macos-arm64 2.0.1 51.00 NOTE
r-release-macos-x86_64 2.0.1 57.00 NOTE
r-release-windows-x86_64 2.0.1 4.00 64.00 68.00 NOTE
r-oldrel-macos-arm64 2.0.1 40.00 NOTE
r-oldrel-macos-x86_64 2.0.1 74.00 NOTE
r-oldrel-windows-x86_64 2.0.1 5.00 70.00 75.00 NOTE

Check Details

Version: 2.0.1
Check: installed package size
Result: NOTE installed size is 10.9Mb sub-directories of 1Mb or more: doc 10.8Mb Flavors: r-devel-linux-x86_64-fedora-clang, r-devel-windows-x86_64, r-release-macos-arm64, r-release-macos-x86_64, r-release-windows-x86_64, r-oldrel-macos-arm64, r-oldrel-macos-x86_64, r-oldrel-windows-x86_64