CRAN Package Check Results for Package dina

Last updated on 2024-06-25 07:06:18 CEST.

Flavor Version Tinstall Tcheck Ttotal Status Flags
r-devel-linux-x86_64-debian-clang 2.0.0 37.06 29.67 66.73 NOTE
r-devel-linux-x86_64-debian-gcc 2.0.0 24.66 23.68 48.34 NOTE
r-devel-linux-x86_64-fedora-clang 2.0.0 92.64 NOTE
r-devel-linux-x86_64-fedora-gcc 2.0.0 98.48 NOTE
r-devel-windows-x86_64 2.0.0 30.00 61.00 91.00 NOTE
r-patched-linux-x86_64 2.0.0 30.15 28.68 58.83 NOTE
r-release-linux-x86_64 2.0.0 33.39 29.06 62.45 NOTE
r-release-macos-arm64 2.0.0 26.00 NOTE
r-release-macos-x86_64 2.0.0 34.00 NOTE
r-release-windows-x86_64 2.0.0 30.00 62.00 92.00 NOTE
r-oldrel-macos-arm64 2.0.0 30.00 NOTE
r-oldrel-macos-x86_64 2.0.0 42.00 NOTE
r-oldrel-windows-x86_64 2.0.0 36.00 71.00 107.00 NOTE

Check Details

Version: 2.0.0
Check: C++ specification
Result: NOTE Specified C++11: please drop specification unless essential Flavors: r-devel-linux-x86_64-debian-clang, r-devel-linux-x86_64-debian-gcc, r-devel-linux-x86_64-fedora-clang, r-devel-linux-x86_64-fedora-gcc, r-devel-windows-x86_64, r-patched-linux-x86_64, r-release-linux-x86_64, r-release-macos-arm64, r-release-macos-x86_64, r-release-windows-x86_64, r-oldrel-macos-arm64, r-oldrel-macos-x86_64, r-oldrel-windows-x86_64