CRAN Package Check Results for Package dirttee

Last updated on 2024-07-18 06:57:22 CEST.

Flavor Version Tinstall Tcheck Ttotal Status Flags
r-devel-linux-x86_64-debian-clang 1.0.2 19.21 167.22 186.43 OK
r-devel-linux-x86_64-debian-gcc 1.0.2 13.87 121.03 134.90 OK
r-devel-linux-x86_64-fedora-clang 1.0.2 245.72 OK
r-devel-linux-x86_64-fedora-gcc 1.0.2 215.55 OK
r-devel-windows-x86_64 1.0.2 16.00 122.00 138.00 NOTE
r-patched-linux-x86_64 1.0.2 22.37 156.42 178.79 OK
r-release-linux-x86_64 1.0.2 13.92 160.92 174.84 OK
r-release-macos-arm64 1.0.2 60.00 OK
r-release-macos-x86_64 1.0.2 106.00 OK
r-release-windows-x86_64 1.0.2 15.00 124.00 139.00 OK
r-oldrel-macos-arm64 1.0.2 89.00 OK
r-oldrel-macos-x86_64 1.0.2 127.00 OK
r-oldrel-windows-x86_64 1.0.2 21.00 153.00 174.00 OK

Check Details

Version: 1.0.2
Check: Rd cross-references
Result: NOTE Found the following Rd file(s) with Rd \link{} targets missing package anchors: expectreg.aft.Rd: rb, cdf.qp, cdf.bundle, summary.expectreg, plot.expectreg, predict.expectreg, resid.expectreg, fitted.expectreg, effects.expectreg modreg.Rd: control Please provide package anchors for all Rd \link{} targets not in the package itself and the base packages. Flavor: r-devel-windows-x86_64