CRAN Package Check Results for Package distrDoc

Last updated on 2024-07-14 05:53:29 CEST.

Flavor Version Tinstall Tcheck Ttotal Status Flags
r-devel-linux-x86_64-debian-clang 2.8.2 10.96 164.69 175.65 OK
r-devel-linux-x86_64-debian-gcc 2.8.2 8.29 121.81 130.10 OK
r-devel-linux-x86_64-fedora-clang 2.8.2 214.33 OK
r-devel-linux-x86_64-fedora-gcc 2.8.2 216.27 OK
r-devel-windows-x86_64 2.8.2 10.00 143.00 153.00 OK
r-patched-linux-x86_64 2.8.2 12.08 153.22 165.30 OK
r-release-linux-x86_64 2.8.2 10.35 156.25 166.60 OK
r-release-macos-arm64 2.8.2 70.00 OK
r-release-macos-x86_64 2.8.2 103.00 WARN
r-release-windows-x86_64 2.8.2 10.00 142.00 152.00 OK
r-oldrel-macos-arm64 2.8.2 78.00 OK
r-oldrel-macos-x86_64 2.8.2 139.00 OK
r-oldrel-windows-x86_64 2.8.2 12.00 174.00 186.00 OK

Check Details

Version: 2.8.2
Check: re-building of vignette outputs
Result: WARN Error(s) in re-building vignettes: --- re-building ‘distr.Rnw’ using knitr Warning in doTryCatch(return(expr), name, parentenv, handler) : "panel.first" is not a graphical parameter Warning in doTryCatch(return(expr), name, parentenv, handler) : "panel.last" is not a graphical parameter Warning in doTryCatch(return(expr), name, parentenv, handler) : "panel.first" is not a graphical parameter Warning in doTryCatch(return(expr), name, parentenv, handler) : "panel.last" is not a graphical parameter Warning in doTryCatch(return(expr), name, parentenv, handler) : "panel.first" is not a graphical parameter Warning in doTryCatch(return(expr), name, parentenv, handler) : "panel.last" is not a graphical parameter Warning in doTryCatch(return(expr), name, parentenv, handler) : "log" is not a graphical parameter Warning in doTryCatch(return(expr), name, parentenv, handler) : "panel.first" is not a graphical parameter Warning in doTryCatch(return(expr), name, parentenv, handler) : "panel.first" is not a graphical parameter Warning in doTryCatch(return(expr), name, parentenv, handler) : "panel.last" is not a graphical parameter Error: processing vignette 'distr.Rnw' failed with diagnostics: Running 'texi2dvi' on 'distr.tex' failed. LaTeX errors: ! Undefined control sequence. l.413 \hlkwd{require}\hldef {(distr)} ? ! Emergency stop. ! Emergency stop. l.413 End of file on the terminal! ! ==> Fatal error occurred, no output PDF file produced! --- failed re-building ‘distr.Rnw’ SUMMARY: processing the following file failed: ‘distr.Rnw’ Error: Vignette re-building failed. Execution halted Flavor: r-release-macos-x86_64