CRAN Package Check Results for Package dlbayes

Last updated on 2024-07-21 05:57:33 CEST.

Flavor Version Tinstall Tcheck Ttotal Status Flags
r-devel-linux-x86_64-debian-clang 0.1.0 1.69 47.72 49.41 NOTE
r-devel-linux-x86_64-debian-gcc 0.1.0 1.45 34.62 36.07 NOTE
r-devel-linux-x86_64-fedora-clang 0.1.0 61.38 NOTE
r-devel-linux-x86_64-fedora-gcc 0.1.0 58.02 NOTE
r-devel-windows-x86_64 0.1.0 4.00 57.00 61.00 NOTE
r-patched-linux-x86_64 0.1.0 2.49 45.21 47.70 NOTE
r-release-linux-x86_64 0.1.0 1.78 44.34 46.12 NOTE
r-release-macos-arm64 0.1.0 20.00 NOTE
r-release-macos-x86_64 0.1.0 32.00 NOTE
r-release-windows-x86_64 0.1.0 3.00 57.00 60.00 NOTE
r-oldrel-macos-arm64 0.1.0 25.00 NOTE
r-oldrel-macos-x86_64 0.1.0 34.00 NOTE
r-oldrel-windows-x86_64 0.1.0 3.00 60.00 63.00 NOTE

Check Details

Version: 0.1.0
Check: LazyData
Result: NOTE 'LazyData' is specified without a 'data' directory Flavors: r-devel-linux-x86_64-debian-clang, r-devel-linux-x86_64-debian-gcc, r-devel-linux-x86_64-fedora-clang, r-devel-linux-x86_64-fedora-gcc, r-devel-windows-x86_64, r-patched-linux-x86_64, r-release-linux-x86_64, r-release-macos-arm64, r-release-macos-x86_64, r-release-windows-x86_64, r-oldrel-macos-arm64, r-oldrel-macos-x86_64, r-oldrel-windows-x86_64