CRAN Package Check Results for Package dlsem

Last updated on 2024-06-23 05:54:19 CEST.

Flavor Version Tinstall Tcheck Ttotal Status Flags
r-devel-linux-x86_64-debian-clang 2.4.6 9.08 125.02 134.10 NOTE
r-devel-linux-x86_64-debian-gcc 2.4.6 9.23 89.94 99.17 NOTE
r-devel-linux-x86_64-fedora-clang 2.4.6 165.83 NOTE
r-devel-linux-x86_64-fedora-gcc 2.4.6 181.67 NOTE
r-devel-windows-x86_64 2.4.6 11.00 117.00 128.00 NOTE
r-patched-linux-x86_64 2.4.6 11.00 122.44 133.44 NOTE
r-release-linux-x86_64 2.4.6 11.33 122.32 133.65 NOTE
r-release-macos-arm64 2.4.6 48.00 NOTE
r-release-macos-x86_64 2.4.6 102.00 NOTE
r-release-windows-x86_64 2.4.6 10.00 116.00 126.00 NOTE
r-oldrel-macos-arm64 2.4.6 58.00 NOTE
r-oldrel-macos-x86_64 2.4.6 101.00 NOTE
r-oldrel-windows-x86_64 2.4.6 10.00 142.00 152.00 NOTE

Check Details

Version: 2.4.6
Check: Rd files
Result: NOTE checkRd: (-1) dlsem-package.Rd:13: Lost braces in \itemize; meant \describe ? checkRd: (-1) dlsem-package.Rd:14: Lost braces in \itemize; meant \describe ? checkRd: (-1) dlsem-package.Rd:15: Lost braces in \itemize; meant \describe ? checkRd: (-1) dlsem.Rd:23: Lost braces in \itemize; meant \describe ? checkRd: (-1) dlsem.Rd:24: Lost braces in \itemize; meant \describe ? checkRd: (-1) dlsem.Rd:25: Lost braces in \itemize; meant \describe ? checkRd: (-1) dlsem.Rd:26: Lost braces in \itemize; meant \describe ? checkRd: (-1) dlsem.Rd:27: Lost braces in \itemize; meant \describe ? checkRd: (-1) dlsem.Rd:28: Lost braces in \itemize; meant \describe ? checkRd: (-1) dlsem.Rd:38: Lost braces in \itemize; meant \describe ? checkRd: (-1) dlsem.Rd:39: Lost braces in \itemize; meant \describe ? checkRd: (-1) dlsem.Rd:40: Lost braces in \itemize; meant \describe ? checkRd: (-1) dlsem.Rd:42: Escaped LaTeX specials: \& checkRd: (-1) dlsem.Rd:49: Lost braces in \itemize; meant \describe ? checkRd: (-1) dlsem.Rd:50: Lost braces in \itemize; meant \describe ? checkRd: (-1) dlsem.Rd:51: Lost braces in \itemize; meant \describe ? checkRd: (-1) dlsem.Rd:52: Lost braces in \itemize; meant \describe ? checkRd: (-1) dlsem.Rd:86: Lost braces in \itemize; meant \describe ? checkRd: (-1) dlsem.Rd:87: Lost braces in \itemize; meant \describe ? checkRd: (-1) dlsem.Rd:88: Lost braces in \itemize; meant \describe ? checkRd: (-1) dlsem.Rd:89: Lost braces in \itemize; meant \describe ? checkRd: (-1) dlsem.Rd:104-106: Lost braces in \itemize; meant \describe ? checkRd: (-1) dlsem.Rd:107-110: Lost braces in \itemize; meant \describe ? checkRd: (-1) dlsem.Rd:111-112: Lost braces in \itemize; meant \describe ? checkRd: (-1) dlsem.Rd:113-114: Lost braces in \itemize; meant \describe ? checkRd: (-1) dlsem.Rd:115-116: Lost braces in \itemize; meant \describe ? checkRd: (-1) dlsem.Rd:117-118: Lost braces in \itemize; meant \describe ? checkRd: (-1) dlsem.Rd:147: Lost braces in \itemize; \value handles \item{}{} directly checkRd: (-1) dlsem.Rd:148: Lost braces in \itemize; \value handles \item{}{} directly checkRd: (-1) dlsem.Rd:149: Lost braces in \itemize; \value handles \item{}{} directly checkRd: (-1) unirootTest.Rd:14: Escaped LaTeX specials: \& checkRd: (-1) unirootTest.Rd:20: Escaped LaTeX specials: \& checkRd: (-1) unirootTest.Rd:26: Escaped LaTeX specials: \& Flavors: r-devel-linux-x86_64-debian-clang, r-devel-linux-x86_64-debian-gcc, r-devel-linux-x86_64-fedora-clang, r-devel-linux-x86_64-fedora-gcc, r-devel-windows-x86_64, r-patched-linux-x86_64, r-release-linux-x86_64, r-release-macos-arm64, r-release-macos-x86_64, r-release-windows-x86_64

Version: 2.4.6
Check: Rd files
Result: NOTE checkRd: (-1) dlsem.Rd:42: Escaped LaTeX specials: \& checkRd: (-1) unirootTest.Rd:14: Escaped LaTeX specials: \& checkRd: (-1) unirootTest.Rd:20: Escaped LaTeX specials: \& checkRd: (-1) unirootTest.Rd:26: Escaped LaTeX specials: \& Flavors: r-oldrel-macos-arm64, r-oldrel-macos-x86_64, r-oldrel-windows-x86_64

Version: 2.4.6
Check: re-building of vignette outputs
Result: NOTE Error(s) in re-building vignettes: --- re-building ‘dlsem_vignette.Rnw’ using Sweave Loading required package: dlsem Loading required package: graph Loading required package: BiocGenerics Attaching package: ‘BiocGenerics’ The following objects are masked from ‘package:stats’: IQR, mad, sd, var, xtabs The following objects are masked from ‘package:base’: Filter, Find, Map, Position, Reduce, anyDuplicated, aperm, append, as.data.frame, basename, cbind, colnames, dirname, do.call, duplicated, eval, evalq, get, grep, grepl, intersect, is.unsorted, lapply, mapply, match, mget, order, paste, pmax, pmax.int, pmin, pmin.int, rank, rbind, rownames, sapply, setdiff, sort, table, tapply, union, unique, unsplit, which.max, which.min Loading required package: Rgraphviz Loading required package: grid Error: processing vignette 'dlsem_vignette.Rnw' failed with diagnostics: Running 'texi2dvi' on 'dlsem_vignette.tex' failed. LaTeX errors: ! LaTeX Error: File `boxedminipage.sty' not found. Type X to quit or <RETURN> to proceed, or enter new name. (Default extension: sty) ! Emergency stop. <read *> l.9 ^^M ! ==> Fatal error occurred, no output PDF file produced! --- failed re-building ‘dlsem_vignette.Rnw’ SUMMARY: processing the following file failed: ‘dlsem_vignette.Rnw’ Error: Vignette re-building failed. Execution halted Flavor: r-oldrel-macos-x86_64