CRAN Package Check Results for Package driveR

Last updated on 2024-07-18 06:57:22 CEST.

Flavor Version Tinstall Tcheck Ttotal Status Flags
r-devel-linux-x86_64-debian-clang 0.4.1 14.45 200.04 214.49 OK
r-devel-linux-x86_64-debian-gcc 0.4.1 10.60 144.37 154.97 OK
r-devel-linux-x86_64-fedora-clang 0.4.1 267.96 NOTE
r-devel-linux-x86_64-fedora-gcc 0.4.1 262.26 OK
r-devel-windows-x86_64 0.4.1 13.00 151.00 164.00 NOTE
r-patched-linux-x86_64 0.4.1 9.29 182.10 191.39 OK
r-release-linux-x86_64 0.4.1 9.05 185.72 194.77 OK
r-release-macos-arm64 0.4.1 5.00 ERROR
r-release-macos-x86_64 0.4.1 8.00 ERROR
r-release-windows-x86_64 0.4.1 14.00 151.00 165.00 NOTE
r-oldrel-macos-arm64 0.4.1 93.00 NOTE
r-oldrel-macos-x86_64 0.4.1 11.00 ERROR
r-oldrel-windows-x86_64 0.4.1 19.00 190.00 209.00 NOTE

Check Details

Version: 0.4.1
Check: installed package size
Result: NOTE installed size is 5.4Mb sub-directories of 1Mb or more: data 1.6Mb extdata 3.2Mb Flavors: r-devel-linux-x86_64-fedora-clang, r-devel-windows-x86_64, r-release-windows-x86_64, r-oldrel-macos-arm64, r-oldrel-windows-x86_64

Version: 0.4.1
Check: package dependencies
Result: ERROR Packages required but not available: 'TxDb.Hsapiens.UCSC.hg19.knownGene', 'TxDb.Hsapiens.UCSC.hg38.knownGene' See section ‘The DESCRIPTION file’ in the ‘Writing R Extensions’ manual. Flavors: r-release-macos-arm64, r-release-macos-x86_64

Version: 0.4.1
Check: package dependencies
Result: ERROR Package required but not available: ‘TxDb.Hsapiens.UCSC.hg38.knownGene’ See section ‘The DESCRIPTION file’ in the ‘Writing R Extensions’ manual. Flavor: r-oldrel-macos-x86_64