CRAN Package Check Results for Package duckduckr

Last updated on 2024-06-18 07:03:52 CEST.

Flavor Version Tinstall Tcheck Ttotal Status Flags
r-devel-linux-x86_64-debian-clang 1.0.0 2.12 23.26 25.38 NOTE
r-devel-linux-x86_64-debian-gcc 1.0.0 1.58 18.37 19.95 NOTE
r-devel-linux-x86_64-fedora-clang 1.0.0 33.11 NOTE
r-devel-linux-x86_64-fedora-gcc 1.0.0 33.17 NOTE
r-devel-windows-x86_64 1.0.0 2.00 44.00 46.00 NOTE
r-patched-linux-x86_64 1.0.0 1.34 22.50 23.84 NOTE
r-release-linux-x86_64 1.0.0 2.12 23.03 25.15 NOTE
r-release-macos-arm64 1.0.0 16.00 NOTE
r-release-macos-x86_64 1.0.0 26.00 NOTE
r-release-windows-x86_64 1.0.0 3.00 44.00 47.00 NOTE
r-oldrel-macos-arm64 1.0.0 16.00 NOTE
r-oldrel-macos-x86_64 1.0.0 21.00 NOTE
r-oldrel-windows-x86_64 1.0.0 3.00 45.00 48.00 NOTE

Check Details

Version: 1.0.0
Check: LazyData
Result: NOTE 'LazyData' is specified without a 'data' directory Flavors: r-devel-linux-x86_64-debian-clang, r-devel-linux-x86_64-debian-gcc, r-devel-linux-x86_64-fedora-clang, r-devel-linux-x86_64-fedora-gcc, r-devel-windows-x86_64, r-patched-linux-x86_64, r-release-linux-x86_64, r-release-macos-arm64, r-release-macos-x86_64, r-release-windows-x86_64, r-oldrel-macos-arm64, r-oldrel-macos-x86_64, r-oldrel-windows-x86_64