CRAN Package Check Results for Package ebmstate

Last updated on 2024-07-21 05:57:33 CEST.

Flavor Version Tinstall Tcheck Ttotal Status Flags
r-devel-linux-x86_64-debian-clang 0.1.4 32.43 100.33 132.76 OK
r-devel-linux-x86_64-debian-gcc 0.1.4 22.55 73.50 96.05 NOTE
r-devel-linux-x86_64-fedora-clang 0.1.4 179.18 OK
r-devel-linux-x86_64-fedora-gcc 0.1.4 166.70 OK
r-devel-windows-x86_64 0.1.4 32.00 105.00 137.00 NOTE
r-patched-linux-x86_64 0.1.4 32.61 97.80 130.41 OK
r-release-linux-x86_64 0.1.4 32.74 97.67 130.41 OK
r-release-macos-arm64 0.1.4 44.00 OK
r-release-macos-x86_64 0.1.4 63.00 OK
r-release-windows-x86_64 0.1.4 35.00 101.00 136.00 OK
r-oldrel-macos-arm64 0.1.4 50.00 OK
r-oldrel-macos-x86_64 0.1.4 97.00 OK
r-oldrel-windows-x86_64 0.1.4 43.00 130.00 173.00 OK

Check Details

Version: 0.1.4
Check: Rd cross-references
Result: NOTE Found the following Rd file(s) with Rd \link{} targets missing package anchors: cumhaz_splines.Rd: msfit ebmstate-package.Rd: survival, mstate msfit_generic.Rd: msfit, mstate probtrans_ebmstate.Rd: probtrans probtrans_fft.Rd: probtrans probtrans_mstate.Rd: probtrans, mstate unique_paths.Rd: transMat, msprep Please provide package anchors for all Rd \link{} targets not in the package itself and the base packages. Flavors: r-devel-linux-x86_64-debian-gcc, r-devel-windows-x86_64