CRAN Package Check Results for Package ecolMod

Last updated on 2024-06-18 07:03:53 CEST.

Flavor Version Tinstall Tcheck Ttotal Status Flags
r-devel-linux-x86_64-debian-clang 1.2.6.4 4.25 61.34 65.59 OK
r-devel-linux-x86_64-debian-gcc 1.2.6.4 2.80 43.27 46.07 OK
r-devel-linux-x86_64-fedora-clang 1.2.6.4 79.90 OK
r-devel-linux-x86_64-fedora-gcc 1.2.6.4 95.39 OK
r-devel-windows-x86_64 1.2.6.4 7.00 80.00 87.00 OK
r-patched-linux-x86_64 1.2.6.4 4.11 56.70 60.81 OK
r-release-linux-x86_64 1.2.6.4 4.10 56.85 60.95 OK
r-release-macos-arm64 1.2.6.4 31.00 OK
r-release-macos-x86_64 1.2.6.4 47.00 OK
r-release-windows-x86_64 1.2.6.4 9.00 82.00 91.00 OK
r-oldrel-macos-arm64 1.2.6.4 42.00 OK
r-oldrel-macos-x86_64 1.2.6.4 60.00 NOTE
r-oldrel-windows-x86_64 1.2.6.4 7.00 84.00 91.00 OK

Check Details

Version: 1.2.6.4
Check: package dependencies
Result: NOTE Package suggested but not available for checking: ‘seacarb’ Flavor: r-oldrel-macos-x86_64