CRAN Package Check Results for Package ecpc

Last updated on 2024-07-20 06:49:18 CEST.

Flavor Version Tinstall Tcheck Ttotal Status Flags
r-devel-linux-x86_64-debian-clang 3.1.1 19.16 181.53 200.69 OK
r-devel-linux-x86_64-debian-gcc 3.1.1 16.13 131.63 147.76 OK
r-devel-linux-x86_64-fedora-clang 3.1.1 248.68 OK
r-devel-linux-x86_64-fedora-gcc 3.1.1 228.20 OK
r-devel-windows-x86_64 3.1.1 17.00 129.00 146.00 NOTE
r-patched-linux-x86_64 3.1.1 15.99 167.61 183.60 OK
r-release-linux-x86_64 3.1.1 20.89 167.62 188.51 OK
r-release-macos-arm64 3.1.1 54.00 OK
r-release-macos-x86_64 3.1.1 97.00 OK
r-release-windows-x86_64 3.1.1 17.00 130.00 147.00 OK
r-oldrel-macos-arm64 3.1.1 62.00 OK
r-oldrel-macos-x86_64 3.1.1 106.00 OK
r-oldrel-windows-x86_64 3.1.1 23.00 157.00 180.00 OK

Check Details

Version: 3.1.1
Check: Rd cross-references
Result: NOTE Found the following Rd file(s) with Rd \link{} targets missing package anchors: coef.ecpc.Rd: Surv cv.ecpc.Rd: Surv ecpc.Rd: Surv postSelect.Rd: Surv predict.ecpc.Rd: Surv Please provide package anchors for all Rd \link{} targets not in the package itself and the base packages. Flavor: r-devel-windows-x86_64