CRAN Package Check Results for Package editbl

Last updated on 2024-07-18 06:57:23 CEST.

Flavor Version Tinstall Tcheck Ttotal Status Flags
r-devel-linux-x86_64-debian-clang 1.0.5 9.77 95.51 105.28 OK
r-devel-linux-x86_64-debian-gcc 1.0.5 6.45 69.93 76.38 OK
r-devel-linux-x86_64-fedora-clang 1.0.5 128.72 NOTE
r-devel-linux-x86_64-fedora-gcc 1.0.5 135.27 OK
r-devel-windows-x86_64 1.0.5 11.00 96.00 107.00 OK
r-patched-linux-x86_64 1.0.5 9.30 91.47 100.77 OK
r-release-linux-x86_64 1.0.5 8.54 89.62 98.16 OK
r-release-macos-arm64 1.0.5 48.00 OK
r-release-macos-x86_64 1.0.5 69.00 OK
r-release-windows-x86_64 1.0.5 10.00 93.00 103.00 OK
r-oldrel-macos-arm64 1.0.5 53.00 OK
r-oldrel-macos-x86_64 1.0.5 92.00 OK
r-oldrel-windows-x86_64 1.0.5 11.00 109.00 120.00 OK

Check Details

Version: 1.0.5
Check: Rd cross-references
Result: NOTE Undeclared package ‘htmlwidgets’ in Rd xrefs Flavor: r-devel-linux-x86_64-fedora-clang