CRAN Package Check Results for Package edmdata

Last updated on 2024-06-25 07:06:19 CEST.

Flavor Version Tinstall Tcheck Ttotal Status Flags
r-devel-linux-x86_64-debian-clang 1.2.0 2.77 26.17 28.94 NOTE
r-devel-linux-x86_64-debian-gcc 1.2.0 2.37 19.96 22.33 NOTE
r-devel-linux-x86_64-fedora-clang 1.2.0 37.11 NOTE
r-devel-linux-x86_64-fedora-gcc 1.2.0 38.14 NOTE
r-devel-windows-x86_64 1.2.0 4.00 40.00 44.00 NOTE
r-patched-linux-x86_64 1.2.0 2.70 25.10 27.80 NOTE
r-release-linux-x86_64 1.2.0 2.30 25.54 27.84 NOTE
r-release-macos-arm64 1.2.0 15.00 NOTE
r-release-macos-x86_64 1.2.0 21.00 NOTE
r-release-windows-x86_64 1.2.0 4.00 40.00 44.00 NOTE
r-oldrel-macos-arm64 1.2.0 16.00 OK
r-oldrel-macos-x86_64 1.2.0 22.00 OK
r-oldrel-windows-x86_64 1.2.0 4.00 41.00 45.00 OK

Check Details

Version: 1.2.0
Check: Rd files
Result: NOTE checkRd: (-1) items_ordered_eclsk_atl.Rd:23: Lost braces; missing escapes or markup? 23 | \item \code{P4SRS10}: Keep working at something until {he/she} is finished? | ^ Flavors: r-devel-linux-x86_64-debian-clang, r-devel-linux-x86_64-debian-gcc, r-devel-linux-x86_64-fedora-clang, r-devel-linux-x86_64-fedora-gcc, r-devel-windows-x86_64, r-patched-linux-x86_64, r-release-linux-x86_64, r-release-macos-arm64, r-release-macos-x86_64, r-release-windows-x86_64