CRAN Package Check Results for Package eeptools

Last updated on 2024-07-16 05:55:50 CEST.

Flavor Version Tinstall Tcheck Ttotal Status Flags
r-devel-linux-x86_64-debian-clang 1.2.5 13.28 151.99 165.27 OK
r-devel-linux-x86_64-debian-gcc 1.2.5 10.07 112.11 122.18 OK
r-devel-linux-x86_64-fedora-clang 1.2.5 214.27 OK
r-devel-linux-x86_64-fedora-gcc 1.2.5 205.87 OK
r-devel-windows-x86_64 1.2.5 13.00 128.00 141.00 NOTE
r-patched-linux-x86_64 1.2.5 15.21 147.03 162.24 OK
r-release-linux-x86_64 1.2.5 13.82 147.02 160.84 OK
r-release-macos-arm64 1.2.5 68.00 OK
r-release-macos-x86_64 1.2.5 93.00 OK
r-release-windows-x86_64 1.2.5 13.00 124.00 137.00 OK
r-oldrel-macos-arm64 1.2.5 62.00 OK
r-oldrel-macos-x86_64 1.2.5 153.00 OK
r-oldrel-windows-x86_64 1.2.5 16.00 156.00 172.00 OK

Check Details

Version: 1.2.5
Check: Rd cross-references
Result: NOTE Found the following Rd file(s) with Rd \link{} targets missing package anchors: crosstabplot.Rd: mosaic gelmansim.Rd: sim moves_calc.Rd: data.table profpoly.Rd: geom_polygon profpoly.data.Rd: geom_polygon theme_dpi.Rd: theme_bw theme_dpi_map.Rd: theme_bw theme_dpi_map2.Rd: theme_bw theme_dpi_mapPNG.Rd: theme_bw Please provide package anchors for all Rd \link{} targets not in the package itself and the base packages. Flavor: r-devel-windows-x86_64