CRAN Package Check Results for Package ellipsis

Last updated on 2024-07-20 06:49:18 CEST.

Flavor Version Tinstall Tcheck Ttotal Status Flags
r-devel-linux-x86_64-debian-clang 0.3.2 3.51 33.79 37.30 NOTE
r-devel-linux-x86_64-debian-gcc 0.3.2 2.52 25.24 27.76 NOTE
r-devel-linux-x86_64-fedora-clang 0.3.2 47.06 NOTE
r-devel-linux-x86_64-fedora-gcc 0.3.2 43.63 NOTE
r-devel-windows-x86_64 0.3.2 6.00 49.00 55.00 NOTE
r-patched-linux-x86_64 0.3.2 3.24 32.01 35.25 OK
r-release-linux-x86_64 0.3.2 2.60 32.22 34.82 OK
r-release-macos-arm64 0.3.2 19.00 OK
r-release-macos-x86_64 0.3.2 27.00 OK
r-release-windows-x86_64 0.3.2 7.00 49.00 56.00 OK
r-oldrel-macos-arm64 0.3.2 21.00 OK
r-oldrel-macos-x86_64 0.3.2 29.00 OK
r-oldrel-windows-x86_64 0.3.2 7.00 51.00 58.00 OK

Check Details

Version: 0.3.2
Check: compiled code
Result: NOTE File ‘ellipsis/libs/ellipsis.so’: Found non-API calls to R: ‘PRVALUE’, ‘Rf_findVarInFrame3’ Compiled code should not call non-API entry points in R. See ‘Writing portable packages’ in the ‘Writing R Extensions’ manual, and section ‘Moving into C API compliance’ for issues with the use of non-API entry points. Flavors: r-devel-linux-x86_64-debian-clang, r-devel-linux-x86_64-debian-gcc, r-devel-linux-x86_64-fedora-clang, r-devel-linux-x86_64-fedora-gcc

Version: 0.3.2
Check: compiled code
Result: NOTE File 'ellipsis/libs/x64/ellipsis.dll': Found non-API calls to R: 'PRVALUE', 'Rf_findVarInFrame3' Compiled code should not call non-API entry points in R. See 'Writing portable packages' in the 'Writing R Extensions' manual, and section 'Moving into C API compliance' for issues with the use of non-API entry points. Flavor: r-devel-windows-x86_64