CRAN Package Check Results for Package endoSwitch

Last updated on 2024-07-21 05:57:34 CEST.

Flavor Version Tinstall Tcheck Ttotal Status Flags
r-devel-linux-x86_64-debian-clang 1.0.0 2.11 30.12 32.23 OK
r-devel-linux-x86_64-debian-gcc 1.0.0 1.66 22.80 24.46 NOTE
r-devel-linux-x86_64-fedora-clang 1.0.0 41.64 OK
r-devel-linux-x86_64-fedora-gcc 1.0.0 38.18 OK
r-devel-windows-x86_64 1.0.0 4.00 44.00 48.00 NOTE
r-patched-linux-x86_64 1.0.0 4.47 28.57 33.04 OK
r-release-linux-x86_64 1.0.0 1.81 29.52 31.33 OK
r-release-macos-arm64 1.0.0 17.00 OK
r-release-macos-x86_64 1.0.0 23.00 OK
r-release-windows-x86_64 1.0.0 4.00 43.00 47.00 OK
r-oldrel-macos-arm64 1.0.0 19.00 OK
r-oldrel-macos-x86_64 1.0.0 23.00 OK
r-oldrel-windows-x86_64 1.0.0 4.00 48.00 52.00 OK

Check Details

Version: 1.0.0
Check: Rd cross-references
Result: NOTE Found the following Rd file(s) with Rd \link{} targets missing package anchors: endoSwitch.Rd: maxLik Please provide package anchors for all Rd \link{} targets not in the package itself and the base packages. Flavors: r-devel-linux-x86_64-debian-gcc, r-devel-windows-x86_64