CRAN Package Check Results for Package epitab

Last updated on 2024-07-18 06:57:23 CEST.

Flavor Version Tinstall Tcheck Ttotal Status Flags
r-devel-linux-x86_64-debian-clang 0.2.2 3.43 44.13 47.56 NOTE
r-devel-linux-x86_64-debian-gcc 0.2.2 2.80 32.42 35.22 NOTE
r-devel-linux-x86_64-fedora-clang 0.2.2 60.90 NOTE
r-devel-linux-x86_64-fedora-gcc 0.2.2 68.88 NOTE
r-devel-windows-x86_64 0.2.2 5.00 55.00 60.00 NOTE
r-patched-linux-x86_64 0.2.2 3.31 41.15 44.46 NOTE
r-release-linux-x86_64 0.2.2 3.39 41.18 44.57 NOTE
r-release-macos-arm64 0.2.2 27.00 NOTE
r-release-macos-x86_64 0.2.2 42.00 NOTE
r-release-windows-x86_64 0.2.2 5.00 54.00 59.00 NOTE
r-oldrel-macos-arm64 0.2.2 28.00 NOTE
r-oldrel-macos-x86_64 0.2.2 38.00 NOTE
r-oldrel-windows-x86_64 0.2.2 5.00 58.00 63.00 NOTE

Check Details

Version: 0.2.2
Check: LazyData
Result: NOTE 'LazyData' is specified without a 'data' directory Flavors: r-devel-linux-x86_64-debian-clang, r-devel-linux-x86_64-debian-gcc, r-devel-linux-x86_64-fedora-clang, r-devel-linux-x86_64-fedora-gcc, r-devel-windows-x86_64, r-patched-linux-x86_64, r-release-linux-x86_64, r-release-macos-arm64, r-release-macos-x86_64, r-release-windows-x86_64, r-oldrel-macos-arm64, r-oldrel-macos-x86_64, r-oldrel-windows-x86_64