CRAN Package Check Results for Package ergMargins

Last updated on 2024-07-18 06:57:23 CEST.

Flavor Version Tinstall Tcheck Ttotal Status Flags
r-devel-linux-x86_64-debian-clang 1.3 13.24 111.95 125.19 OK
r-devel-linux-x86_64-debian-gcc 1.3 13.13 80.76 93.89 OK
r-devel-linux-x86_64-fedora-clang 1.3 161.77 NOTE
r-devel-linux-x86_64-fedora-gcc 1.3 147.54 OK
r-devel-windows-x86_64 1.3 16.00 89.00 105.00 OK
r-patched-linux-x86_64 1.3 14.23 102.99 117.22 OK
r-release-linux-x86_64 1.3 10.71 102.41 113.12 OK
r-release-macos-arm64 1.3 45.00 OK
r-release-macos-x86_64 1.3 66.00 OK
r-release-windows-x86_64 1.3 15.00 91.00 106.00 OK
r-oldrel-macos-arm64 1.3 45.00 OK
r-oldrel-macos-x86_64 1.3 129.00 OK
r-oldrel-windows-x86_64 1.3 18.00 109.00 127.00 OK

Check Details

Version: 1.3
Check: Rd cross-references
Result: NOTE Undeclared package ‘margins’ in Rd xrefs Flavor: r-devel-linux-x86_64-fedora-clang