CRAN Package Check Results for Package ess

Last updated on 2024-07-21 05:57:34 CEST.

Flavor Version Tinstall Tcheck Ttotal Status Flags
r-devel-linux-x86_64-debian-clang 1.1.2 29.55 59.00 88.55 NOTE
r-devel-linux-x86_64-debian-gcc 1.1.2 20.37 43.11 63.48 NOTE
r-devel-linux-x86_64-fedora-clang 1.1.2 139.66 NOTE
r-devel-linux-x86_64-fedora-gcc 1.1.2 134.72 NOTE
r-devel-windows-x86_64 1.1.2 27.00 82.00 109.00 NOTE
r-patched-linux-x86_64 1.1.2 32.49 55.83 88.32 NOTE
r-release-linux-x86_64 1.1.2 37.53 55.66 93.19 NOTE
r-release-macos-arm64 1.1.2 36.00 NOTE
r-release-macos-x86_64 1.1.2 46.00 NOTE
r-release-windows-x86_64 1.1.2 35.00 82.00 117.00 NOTE
r-oldrel-macos-arm64 1.1.2 38.00 NOTE
r-oldrel-macos-x86_64 1.1.2 58.00 NOTE
r-oldrel-windows-x86_64 1.1.2 42.00 91.00 133.00 NOTE

Check Details

Version: 1.1.2
Check: C++ specification
Result: NOTE Specified C++11: please drop specification unless essential Flavors: r-devel-linux-x86_64-debian-clang, r-devel-linux-x86_64-debian-gcc, r-devel-linux-x86_64-fedora-clang, r-devel-linux-x86_64-fedora-gcc, r-devel-windows-x86_64, r-patched-linux-x86_64, r-release-linux-x86_64, r-release-macos-arm64, r-release-macos-x86_64, r-release-windows-x86_64, r-oldrel-macos-arm64, r-oldrel-macos-x86_64, r-oldrel-windows-x86_64